{"id":2675,"date":"2023-03-28T19:54:19","date_gmt":"2023-03-28T19:54:19","guid":{"rendered":"https:\/\/aquacord.com.co\/?post_type=product&#038;p=2675"},"modified":"2024-09-11T15:47:37","modified_gmt":"2024-09-11T15:47:37","slug":"glicerina-oba","status":"publish","type":"product","link":"https:\/\/aquacord.com.co\/index.php\/product\/glicerina-oba\/","title":{"rendered":"GLICERINA OBA"},"content":{"rendered":"<p>Apariencia: L\u00edquido siruposo, claro, incoloro e inodoro, sabor dulce, higrosc\u00f3pico Soluble en agua y alcohol<br \/>\n(las soluciones acuosas son neutras), insoluble en \u00e9ter, benceno, cloroformo y ceites fijos y vol\u00e1tiles.<br \/>\nCombustible, poco t\u00f3xico. Composici\u00f3n: Glicerol 99 % m\u00edn. Usos: Resinas alqu\u00eddicas, celof\u00e1n, explosivos,<br \/>\ngomas de \u00e9ster, productos farmac\u00e9uticos, perfumer\u00eda, plastificante para celulosa regenerada, cosm\u00e9ticos,<br \/>\nproductos alimenticios, acondicionamiento de tabaco, licores, disolventes, rollos para tinta de imprenta,<br \/>\nagente emulsionante, sellos de goma y tintas de copia, ligante para cementos y mezclas, revestimientos de<br \/>\npapeles y acabados, jabones especiales, lubricantes y reblandecedor, fluido hidr\u00e1ulico, humectante.<br \/>\nAlmacenamiento: En lugares frescos y protegidos de la luz. Advertencia: El producto debe estar alejado del<br \/>\nalcance de los ni\u00f1os, debe evitarse el contacto con los ojos e ingesti\u00f3n, en caso que esto ocurra se debe<br \/>\nconsultar al m\u00e9dico.<\/p>\n","protected":false},"excerpt":{"rendered":"<p>Apariencia: L\u00edquido siruposo, claro, incoloro e inodoro, sabor dulce, higrosc\u00f3pico Soluble en agua y alcohol (las soluciones acuosas son neutras), insoluble en \u00e9ter, benceno, cloroformo y ceites fijos y vol\u00e1tiles. Combustible, poco t\u00f3xico. Composici\u00f3n: Glicerol 99 % m\u00edn. Usos: Resinas alqu\u00eddicas, celof\u00e1n, explosivos, gomas de \u00e9ster, productos farmac\u00e9uticos, perfumer\u00eda, plastificante para celulosa regenerada, cosm\u00e9ticos, productos &hellip;<\/p>\n<p class=\"read-more\"> <a class=\"\" href=\"https:\/\/aquacord.com.co\/index.php\/product\/glicerina-oba\/\"> <span class=\"screen-reader-text\">GLICERINA OBA<\/span> Leer m\u00e1s &raquo;<\/a><\/p>\n","protected":false},"featured_media":4558,"comment_status":"open","ping_status":"closed","template":"","meta":{"site-sidebar-layout":"default","site-content-layout":"default","ast-global-header-display":"","ast-main-header-display":"","ast-hfb-above-header-display":"","ast-hfb-below-header-display":"","ast-hfb-mobile-header-display":"","site-post-title":"","ast-breadcrumbs-content":"","ast-featured-img":"","footer-sml-layout":"","theme-transparent-header-meta":"default","adv-header-id-meta":"","stick-header-meta":"","header-above-stick-meta":"","header-main-stick-meta":"","header-below-stick-meta":""},"product_cat":[28,45],"product_tag":[],"yoast_head":"<!-- This site is optimized with the Yoast SEO plugin v20.1 - https:\/\/yoast.com\/wordpress\/plugins\/seo\/ -->\n<title>GLICERINA OBA -<\/title>\n<meta name=\"description\" content=\"GLICERINA La glicerina absorbe y conserva la humedad, es decir, ayuda a atraerla hacia ella y retener l\u00edquidos. Es por esta raz\u00f3n que contribuye\" \/>\n<meta name=\"robots\" content=\"index, follow, max-snippet:-1, max-image-preview:large, max-video-preview:-1\" \/>\n<link rel=\"canonical\" href=\"https:\/\/aquacord.com.co\/index.php\/product\/glicerina-oba\/\" \/>\n<meta property=\"og:locale\" content=\"es_ES\" \/>\n<meta property=\"og:type\" content=\"article\" \/>\n<meta property=\"og:title\" content=\"GLICERINA OBA -\" \/>\n<meta property=\"og:description\" content=\"GLICERINA La glicerina absorbe y conserva la humedad, es decir, ayuda a atraerla hacia ella y retener l\u00edquidos. Es por esta raz\u00f3n que contribuye\" \/>\n<meta property=\"og:url\" content=\"https:\/\/aquacord.com.co\/index.php\/product\/glicerina-oba\/\" \/>\n<meta property=\"article:modified_time\" content=\"2024-09-11T15:47:37+00:00\" \/>\n<meta property=\"og:image\" content=\"https:\/\/aquacord.com.co\/wp-content\/uploads\/2023\/03\/Captura-de-pantalla-2023-06-26-162812.png\" \/>\n\t<meta property=\"og:image:width\" content=\"354\" \/>\n\t<meta property=\"og:image:height\" content=\"351\" \/>\n\t<meta property=\"og:image:type\" content=\"image\/png\" \/>\n<meta name=\"twitter:card\" content=\"summary_large_image\" \/>\n<meta name=\"twitter:label1\" content=\"Tiempo estimado de lectura\" \/>\n\t<meta name=\"twitter:data1\" content=\"1 minuto\" \/>\n<script type=\"application\/ld+json\" class=\"yoast-schema-graph\">{\"@context\":\"https:\/\/schema.org\",\"@graph\":[{\"@type\":\"WebPage\",\"@id\":\"https:\/\/aquacord.com.co\/index.php\/product\/glicerina-oba\/\",\"url\":\"https:\/\/aquacord.com.co\/index.php\/product\/glicerina-oba\/\",\"name\":\"GLICERINA OBA -\",\"isPartOf\":{\"@id\":\"https:\/\/aquacord.com.co\/#website\"},\"datePublished\":\"2023-03-28T19:54:19+00:00\",\"dateModified\":\"2024-09-11T15:47:37+00:00\",\"description\":\"GLICERINA La glicerina absorbe y conserva la humedad, es decir, ayuda a atraerla hacia ella y retener l\u00edquidos. Es por esta raz\u00f3n que contribuye\",\"breadcrumb\":{\"@id\":\"https:\/\/aquacord.com.co\/index.php\/product\/glicerina-oba\/#breadcrumb\"},\"inLanguage\":\"es-CO\",\"potentialAction\":[{\"@type\":\"ReadAction\",\"target\":[\"https:\/\/aquacord.com.co\/index.php\/product\/glicerina-oba\/\"]}]},{\"@type\":\"BreadcrumbList\",\"@id\":\"https:\/\/aquacord.com.co\/index.php\/product\/glicerina-oba\/#breadcrumb\",\"itemListElement\":[{\"@type\":\"ListItem\",\"position\":1,\"name\":\"Inicio\",\"item\":\"https:\/\/aquacord.com.co\/\"},{\"@type\":\"ListItem\",\"position\":2,\"name\":\"Tienda\",\"item\":\"https:\/\/aquacord.com.co\/index.php\/tienda\/\"},{\"@type\":\"ListItem\",\"position\":3,\"name\":\"GLICERINA OBA\"}]},{\"@type\":\"WebSite\",\"@id\":\"https:\/\/aquacord.com.co\/#website\",\"url\":\"https:\/\/aquacord.com.co\/\",\"name\":\"\",\"description\":\"Todo lo relacionado en productos qu\u00edmicos, accesorios, equipos para piscinas y el aseo de tu hogar e empresas\",\"potentialAction\":[{\"@type\":\"SearchAction\",\"target\":{\"@type\":\"EntryPoint\",\"urlTemplate\":\"https:\/\/aquacord.com.co\/?s={search_term_string}\"},\"query-input\":\"required name=search_term_string\"}],\"inLanguage\":\"es-CO\"}]}<\/script>\n<!-- \/ Yoast SEO plugin. -->","yoast_head_json":{"title":"GLICERINA OBA -","description":"GLICERINA La glicerina absorbe y conserva la humedad, es decir, ayuda a atraerla hacia ella y retener l\u00edquidos. Es por esta raz\u00f3n que contribuye","robots":{"index":"index","follow":"follow","max-snippet":"max-snippet:-1","max-image-preview":"max-image-preview:large","max-video-preview":"max-video-preview:-1"},"canonical":"https:\/\/aquacord.com.co\/index.php\/product\/glicerina-oba\/","og_locale":"es_ES","og_type":"article","og_title":"GLICERINA OBA -","og_description":"GLICERINA La glicerina absorbe y conserva la humedad, es decir, ayuda a atraerla hacia ella y retener l\u00edquidos. Es por esta raz\u00f3n que contribuye","og_url":"https:\/\/aquacord.com.co\/index.php\/product\/glicerina-oba\/","article_modified_time":"2024-09-11T15:47:37+00:00","og_image":[{"width":354,"height":351,"url":"https:\/\/aquacord.com.co\/wp-content\/uploads\/2023\/03\/Captura-de-pantalla-2023-06-26-162812.png","type":"image\/png"}],"twitter_card":"summary_large_image","twitter_misc":{"Tiempo estimado de lectura":"1 minuto"},"schema":{"@context":"https:\/\/schema.org","@graph":[{"@type":"WebPage","@id":"https:\/\/aquacord.com.co\/index.php\/product\/glicerina-oba\/","url":"https:\/\/aquacord.com.co\/index.php\/product\/glicerina-oba\/","name":"GLICERINA OBA -","isPartOf":{"@id":"https:\/\/aquacord.com.co\/#website"},"datePublished":"2023-03-28T19:54:19+00:00","dateModified":"2024-09-11T15:47:37+00:00","description":"GLICERINA La glicerina absorbe y conserva la humedad, es decir, ayuda a atraerla hacia ella y retener l\u00edquidos. Es por esta raz\u00f3n que contribuye","breadcrumb":{"@id":"https:\/\/aquacord.com.co\/index.php\/product\/glicerina-oba\/#breadcrumb"},"inLanguage":"es-CO","potentialAction":[{"@type":"ReadAction","target":["https:\/\/aquacord.com.co\/index.php\/product\/glicerina-oba\/"]}]},{"@type":"BreadcrumbList","@id":"https:\/\/aquacord.com.co\/index.php\/product\/glicerina-oba\/#breadcrumb","itemListElement":[{"@type":"ListItem","position":1,"name":"Inicio","item":"https:\/\/aquacord.com.co\/"},{"@type":"ListItem","position":2,"name":"Tienda","item":"https:\/\/aquacord.com.co\/index.php\/tienda\/"},{"@type":"ListItem","position":3,"name":"GLICERINA OBA"}]},{"@type":"WebSite","@id":"https:\/\/aquacord.com.co\/#website","url":"https:\/\/aquacord.com.co\/","name":"","description":"Todo lo relacionado en productos qu\u00edmicos, accesorios, equipos para piscinas y el aseo de tu hogar e empresas","potentialAction":[{"@type":"SearchAction","target":{"@type":"EntryPoint","urlTemplate":"https:\/\/aquacord.com.co\/?s={search_term_string}"},"query-input":"required name=search_term_string"}],"inLanguage":"es-CO"}]}},"_links":{"self":[{"href":"https:\/\/aquacord.com.co\/index.php\/wp-json\/wp\/v2\/product\/2675"}],"collection":[{"href":"https:\/\/aquacord.com.co\/index.php\/wp-json\/wp\/v2\/product"}],"about":[{"href":"https:\/\/aquacord.com.co\/index.php\/wp-json\/wp\/v2\/types\/product"}],"replies":[{"embeddable":true,"href":"https:\/\/aquacord.com.co\/index.php\/wp-json\/wp\/v2\/comments?post=2675"}],"version-history":[{"count":1,"href":"https:\/\/aquacord.com.co\/index.php\/wp-json\/wp\/v2\/product\/2675\/revisions"}],"predecessor-version":[{"id":4545,"href":"https:\/\/aquacord.com.co\/index.php\/wp-json\/wp\/v2\/product\/2675\/revisions\/4545"}],"wp:featuredmedia":[{"embeddable":true,"href":"https:\/\/aquacord.com.co\/index.php\/wp-json\/wp\/v2\/media\/4558"}],"wp:attachment":[{"href":"https:\/\/aquacord.com.co\/index.php\/wp-json\/wp\/v2\/media?parent=2675"}],"wp:term":[{"taxonomy":"product_cat","embeddable":true,"href":"https:\/\/aquacord.com.co\/index.php\/wp-json\/wp\/v2\/product_cat?post=2675"},{"taxonomy":"product_tag","embeddable":true,"href":"https:\/\/aquacord.com.co\/index.php\/wp-json\/wp\/v2\/product_tag?post=2675"}],"curies":[{"name":"wp","href":"https:\/\/api.w.org\/{rel}","templated":true}]}}