{"id":2931,"date":"2023-04-01T16:01:59","date_gmt":"2023-04-01T16:01:59","guid":{"rendered":"https:\/\/aquacord.com.co\/?post_type=product&#038;p=2931"},"modified":"2026-01-28T01:12:03","modified_gmt":"2026-01-28T01:12:03","slug":"reactivo-taylor","status":"publish","type":"product","link":"https:\/\/aquacord.com.co\/index.php\/product\/reactivo-taylor\/","title":{"rendered":"REACTIVO TAYLOR"},"content":{"rendered":"<p><b>te permite rellenar f\u00e1cilmente tu kit de prueba Taylor, asegurando que obtengas los resultados m\u00e1s precisos posibles<\/b>. Mant\u00e9n la qu\u00edmica del agua de tu piscina correctamente equilibrada durante muchos a\u00f1os<\/p>\n","protected":false},"excerpt":{"rendered":"<p>te permite rellenar f\u00e1cilmente tu kit de prueba Taylor, asegurando que obtengas los resultados m\u00e1s precisos posibles. Mant\u00e9n la qu\u00edmica del agua de tu piscina correctamente equilibrada durante muchos a\u00f1os<\/p>\n","protected":false},"featured_media":2959,"comment_status":"open","ping_status":"closed","template":"","meta":{"site-sidebar-layout":"default","site-content-layout":"default","ast-global-header-display":"","ast-main-header-display":"","ast-hfb-above-header-display":"","ast-hfb-below-header-display":"","ast-hfb-mobile-header-display":"","site-post-title":"","ast-breadcrumbs-content":"","ast-featured-img":"","footer-sml-layout":"","theme-transparent-header-meta":"default","adv-header-id-meta":"","stick-header-meta":"","header-above-stick-meta":"","header-main-stick-meta":"","header-below-stick-meta":""},"product_cat":[20,32],"product_tag":[],"yoast_head":"<!-- This site is optimized with the Yoast SEO plugin v20.1 - https:\/\/yoast.com\/wordpress\/plugins\/seo\/ -->\n<title>REACTIVO TAYLOR -<\/title>\n<meta name=\"description\" content=\"el reactivo taylor te permite rellenar f\u00e1cilmente tu kit de prueba Taylor, asegurando que obtengas los resultados m\u00e1s precisos posibles. Mant\u00e9n la qu\u00edmica del agua de tu piscina correctamente equilibrada durante muchos a\u00f1os\" \/>\n<meta name=\"robots\" content=\"index, follow, max-snippet:-1, max-image-preview:large, max-video-preview:-1\" \/>\n<link rel=\"canonical\" href=\"https:\/\/aquacord.com.co\/index.php\/product\/reactivo-taylor\/\" \/>\n<meta property=\"og:locale\" content=\"es_ES\" \/>\n<meta property=\"og:type\" content=\"article\" \/>\n<meta property=\"og:title\" content=\"REACTIVO TAYLOR -\" \/>\n<meta property=\"og:description\" content=\"el reactivo taylor te permite rellenar f\u00e1cilmente tu kit de prueba Taylor, asegurando que obtengas los resultados m\u00e1s precisos posibles. Mant\u00e9n la qu\u00edmica del agua de tu piscina correctamente equilibrada durante muchos a\u00f1os\" \/>\n<meta property=\"og:url\" content=\"https:\/\/aquacord.com.co\/index.php\/product\/reactivo-taylor\/\" \/>\n<meta property=\"article:modified_time\" content=\"2026-01-28T01:12:03+00:00\" \/>\n<meta property=\"og:image\" content=\"https:\/\/aquacord.com.co\/wp-content\/uploads\/2023\/04\/BeFunky-collage-scaled.jpg\" \/>\n\t<meta property=\"og:image:width\" content=\"2560\" \/>\n\t<meta property=\"og:image:height\" content=\"2560\" \/>\n\t<meta property=\"og:image:type\" content=\"image\/jpeg\" \/>\n<meta name=\"twitter:card\" content=\"summary_large_image\" \/>\n<meta name=\"twitter:label1\" content=\"Tiempo estimado de lectura\" \/>\n\t<meta name=\"twitter:data1\" content=\"1 minuto\" \/>\n<script type=\"application\/ld+json\" class=\"yoast-schema-graph\">{\"@context\":\"https:\/\/schema.org\",\"@graph\":[{\"@type\":\"WebPage\",\"@id\":\"https:\/\/aquacord.com.co\/index.php\/product\/reactivo-taylor\/\",\"url\":\"https:\/\/aquacord.com.co\/index.php\/product\/reactivo-taylor\/\",\"name\":\"REACTIVO TAYLOR -\",\"isPartOf\":{\"@id\":\"https:\/\/aquacord.com.co\/#website\"},\"datePublished\":\"2023-04-01T16:01:59+00:00\",\"dateModified\":\"2026-01-28T01:12:03+00:00\",\"description\":\"el reactivo taylor te permite rellenar f\u00e1cilmente tu kit de prueba Taylor, asegurando que obtengas los resultados m\u00e1s precisos posibles. Mant\u00e9n la qu\u00edmica del agua de tu piscina correctamente equilibrada durante muchos a\u00f1os\",\"breadcrumb\":{\"@id\":\"https:\/\/aquacord.com.co\/index.php\/product\/reactivo-taylor\/#breadcrumb\"},\"inLanguage\":\"es-CO\",\"potentialAction\":[{\"@type\":\"ReadAction\",\"target\":[\"https:\/\/aquacord.com.co\/index.php\/product\/reactivo-taylor\/\"]}]},{\"@type\":\"BreadcrumbList\",\"@id\":\"https:\/\/aquacord.com.co\/index.php\/product\/reactivo-taylor\/#breadcrumb\",\"itemListElement\":[{\"@type\":\"ListItem\",\"position\":1,\"name\":\"Inicio\",\"item\":\"https:\/\/aquacord.com.co\/\"},{\"@type\":\"ListItem\",\"position\":2,\"name\":\"Tienda\",\"item\":\"https:\/\/aquacord.com.co\/index.php\/tienda\/\"},{\"@type\":\"ListItem\",\"position\":3,\"name\":\"REACTIVO TAYLOR\"}]},{\"@type\":\"WebSite\",\"@id\":\"https:\/\/aquacord.com.co\/#website\",\"url\":\"https:\/\/aquacord.com.co\/\",\"name\":\"\",\"description\":\"Todo lo relacionado en productos qu\u00edmicos, accesorios, equipos para piscinas y el aseo de tu hogar e empresas\",\"potentialAction\":[{\"@type\":\"SearchAction\",\"target\":{\"@type\":\"EntryPoint\",\"urlTemplate\":\"https:\/\/aquacord.com.co\/?s={search_term_string}\"},\"query-input\":\"required name=search_term_string\"}],\"inLanguage\":\"es-CO\"}]}<\/script>\n<!-- \/ Yoast SEO plugin. -->","yoast_head_json":{"title":"REACTIVO TAYLOR -","description":"el reactivo taylor te permite rellenar f\u00e1cilmente tu kit de prueba Taylor, asegurando que obtengas los resultados m\u00e1s precisos posibles. Mant\u00e9n la qu\u00edmica del agua de tu piscina correctamente equilibrada durante muchos a\u00f1os","robots":{"index":"index","follow":"follow","max-snippet":"max-snippet:-1","max-image-preview":"max-image-preview:large","max-video-preview":"max-video-preview:-1"},"canonical":"https:\/\/aquacord.com.co\/index.php\/product\/reactivo-taylor\/","og_locale":"es_ES","og_type":"article","og_title":"REACTIVO TAYLOR -","og_description":"el reactivo taylor te permite rellenar f\u00e1cilmente tu kit de prueba Taylor, asegurando que obtengas los resultados m\u00e1s precisos posibles. Mant\u00e9n la qu\u00edmica del agua de tu piscina correctamente equilibrada durante muchos a\u00f1os","og_url":"https:\/\/aquacord.com.co\/index.php\/product\/reactivo-taylor\/","article_modified_time":"2026-01-28T01:12:03+00:00","og_image":[{"width":2560,"height":2560,"url":"https:\/\/aquacord.com.co\/wp-content\/uploads\/2023\/04\/BeFunky-collage-scaled.jpg","type":"image\/jpeg"}],"twitter_card":"summary_large_image","twitter_misc":{"Tiempo estimado de lectura":"1 minuto"},"schema":{"@context":"https:\/\/schema.org","@graph":[{"@type":"WebPage","@id":"https:\/\/aquacord.com.co\/index.php\/product\/reactivo-taylor\/","url":"https:\/\/aquacord.com.co\/index.php\/product\/reactivo-taylor\/","name":"REACTIVO TAYLOR -","isPartOf":{"@id":"https:\/\/aquacord.com.co\/#website"},"datePublished":"2023-04-01T16:01:59+00:00","dateModified":"2026-01-28T01:12:03+00:00","description":"el reactivo taylor te permite rellenar f\u00e1cilmente tu kit de prueba Taylor, asegurando que obtengas los resultados m\u00e1s precisos posibles. Mant\u00e9n la qu\u00edmica del agua de tu piscina correctamente equilibrada durante muchos a\u00f1os","breadcrumb":{"@id":"https:\/\/aquacord.com.co\/index.php\/product\/reactivo-taylor\/#breadcrumb"},"inLanguage":"es-CO","potentialAction":[{"@type":"ReadAction","target":["https:\/\/aquacord.com.co\/index.php\/product\/reactivo-taylor\/"]}]},{"@type":"BreadcrumbList","@id":"https:\/\/aquacord.com.co\/index.php\/product\/reactivo-taylor\/#breadcrumb","itemListElement":[{"@type":"ListItem","position":1,"name":"Inicio","item":"https:\/\/aquacord.com.co\/"},{"@type":"ListItem","position":2,"name":"Tienda","item":"https:\/\/aquacord.com.co\/index.php\/tienda\/"},{"@type":"ListItem","position":3,"name":"REACTIVO TAYLOR"}]},{"@type":"WebSite","@id":"https:\/\/aquacord.com.co\/#website","url":"https:\/\/aquacord.com.co\/","name":"","description":"Todo lo relacionado en productos qu\u00edmicos, accesorios, equipos para piscinas y el aseo de tu hogar e empresas","potentialAction":[{"@type":"SearchAction","target":{"@type":"EntryPoint","urlTemplate":"https:\/\/aquacord.com.co\/?s={search_term_string}"},"query-input":"required name=search_term_string"}],"inLanguage":"es-CO"}]}},"_links":{"self":[{"href":"https:\/\/aquacord.com.co\/index.php\/wp-json\/wp\/v2\/product\/2931"}],"collection":[{"href":"https:\/\/aquacord.com.co\/index.php\/wp-json\/wp\/v2\/product"}],"about":[{"href":"https:\/\/aquacord.com.co\/index.php\/wp-json\/wp\/v2\/types\/product"}],"replies":[{"embeddable":true,"href":"https:\/\/aquacord.com.co\/index.php\/wp-json\/wp\/v2\/comments?post=2931"}],"version-history":[{"count":2,"href":"https:\/\/aquacord.com.co\/index.php\/wp-json\/wp\/v2\/product\/2931\/revisions"}],"predecessor-version":[{"id":4522,"href":"https:\/\/aquacord.com.co\/index.php\/wp-json\/wp\/v2\/product\/2931\/revisions\/4522"}],"wp:featuredmedia":[{"embeddable":true,"href":"https:\/\/aquacord.com.co\/index.php\/wp-json\/wp\/v2\/media\/2959"}],"wp:attachment":[{"href":"https:\/\/aquacord.com.co\/index.php\/wp-json\/wp\/v2\/media?parent=2931"}],"wp:term":[{"taxonomy":"product_cat","embeddable":true,"href":"https:\/\/aquacord.com.co\/index.php\/wp-json\/wp\/v2\/product_cat?post=2931"},{"taxonomy":"product_tag","embeddable":true,"href":"https:\/\/aquacord.com.co\/index.php\/wp-json\/wp\/v2\/product_tag?post=2931"}],"curies":[{"name":"wp","href":"https:\/\/api.w.org\/{rel}","templated":true}]}}