{"id":3177,"date":"2023-04-12T14:16:45","date_gmt":"2023-04-12T14:16:45","guid":{"rendered":"https:\/\/aquacord.com.co\/?post_type=product&#038;p=3177"},"modified":"2024-09-06T17:32:51","modified_gmt":"2024-09-06T17:32:51","slug":"bonaire-gel-40-g-rpto-x3-mora-silvestre","status":"publish","type":"product","link":"https:\/\/aquacord.com.co\/index.php\/product\/bonaire-gel-40-g-rpto-x3-mora-silvestre\/","title":{"rendered":"BONAIRE GEL 40 G  RPTO  X3  MORA SILVESTRE"},"content":{"rendered":"<p>Bonaire ha sido dise\u00f1ado para\u00a0<b>ambientar espacios peque\u00f1os en su hogar u oficina como closets, ba\u00f1os, armarios y autom\u00f3viles<\/b>. Su formula en gel es compacta y no libera humedad.<\/p>\n","protected":false},"excerpt":{"rendered":"<p>Bonaire ha sido dise\u00f1ado para\u00a0ambientar espacios peque\u00f1os en su hogar u oficina como closets, ba\u00f1os, armarios y autom\u00f3viles. Su formula en gel es compacta y no libera humedad.<\/p>\n","protected":false},"featured_media":3178,"comment_status":"open","ping_status":"closed","template":"","meta":{"site-sidebar-layout":"default","site-content-layout":"default","ast-global-header-display":"","ast-main-header-display":"","ast-hfb-above-header-display":"","ast-hfb-below-header-display":"","ast-hfb-mobile-header-display":"","site-post-title":"","ast-breadcrumbs-content":"","ast-featured-img":"","footer-sml-layout":"","theme-transparent-header-meta":"default","adv-header-id-meta":"","stick-header-meta":"","header-above-stick-meta":"","header-main-stick-meta":"","header-below-stick-meta":""},"product_cat":[18,33],"product_tag":[],"yoast_head":"<!-- This site is optimized with the Yoast SEO plugin v20.1 - https:\/\/yoast.com\/wordpress\/plugins\/seo\/ -->\n<title>BONAIRE GEL 40 G RPTO X3 MORA SILVESTRE -<\/title>\n<meta name=\"description\" content=\"BONAIRE GEL, Bonaire ha sido dise\u00f1ado para ambientar espacios peque\u00f1os en su hogar u oficina como closets, ba\u00f1os, armarios y autom\u00f3viles.\" \/>\n<meta name=\"robots\" content=\"index, follow, max-snippet:-1, max-image-preview:large, max-video-preview:-1\" \/>\n<link rel=\"canonical\" href=\"https:\/\/aquacord.com.co\/index.php\/product\/bonaire-gel-40-g-rpto-x3-mora-silvestre\/\" \/>\n<meta property=\"og:locale\" content=\"es_ES\" \/>\n<meta property=\"og:type\" content=\"article\" \/>\n<meta property=\"og:title\" content=\"BONAIRE GEL 40 G RPTO X3 MORA SILVESTRE -\" \/>\n<meta property=\"og:description\" content=\"BONAIRE GEL, Bonaire ha sido dise\u00f1ado para ambientar espacios peque\u00f1os en su hogar u oficina como closets, ba\u00f1os, armarios y autom\u00f3viles.\" \/>\n<meta property=\"og:url\" content=\"https:\/\/aquacord.com.co\/index.php\/product\/bonaire-gel-40-g-rpto-x3-mora-silvestre\/\" \/>\n<meta property=\"article:modified_time\" content=\"2024-09-06T17:32:51+00:00\" \/>\n<meta property=\"og:image\" content=\"https:\/\/aquacord.com.co\/wp-content\/uploads\/2023\/04\/1659358906_505898-505898__1000.jpg\" \/>\n\t<meta property=\"og:image:width\" content=\"1000\" \/>\n\t<meta property=\"og:image:height\" content=\"1000\" \/>\n\t<meta property=\"og:image:type\" content=\"image\/jpeg\" \/>\n<meta name=\"twitter:card\" content=\"summary_large_image\" \/>\n<meta name=\"twitter:label1\" content=\"Tiempo estimado de lectura\" \/>\n\t<meta name=\"twitter:data1\" content=\"1 minuto\" \/>\n<script type=\"application\/ld+json\" class=\"yoast-schema-graph\">{\"@context\":\"https:\/\/schema.org\",\"@graph\":[{\"@type\":\"WebPage\",\"@id\":\"https:\/\/aquacord.com.co\/index.php\/product\/bonaire-gel-40-g-rpto-x3-mora-silvestre\/\",\"url\":\"https:\/\/aquacord.com.co\/index.php\/product\/bonaire-gel-40-g-rpto-x3-mora-silvestre\/\",\"name\":\"BONAIRE GEL 40 G RPTO X3 MORA SILVESTRE -\",\"isPartOf\":{\"@id\":\"https:\/\/aquacord.com.co\/#website\"},\"datePublished\":\"2023-04-12T14:16:45+00:00\",\"dateModified\":\"2024-09-06T17:32:51+00:00\",\"description\":\"BONAIRE GEL, Bonaire ha sido dise\u00f1ado para ambientar espacios peque\u00f1os en su hogar u oficina como closets, ba\u00f1os, armarios y autom\u00f3viles.\",\"breadcrumb\":{\"@id\":\"https:\/\/aquacord.com.co\/index.php\/product\/bonaire-gel-40-g-rpto-x3-mora-silvestre\/#breadcrumb\"},\"inLanguage\":\"es-CO\",\"potentialAction\":[{\"@type\":\"ReadAction\",\"target\":[\"https:\/\/aquacord.com.co\/index.php\/product\/bonaire-gel-40-g-rpto-x3-mora-silvestre\/\"]}]},{\"@type\":\"BreadcrumbList\",\"@id\":\"https:\/\/aquacord.com.co\/index.php\/product\/bonaire-gel-40-g-rpto-x3-mora-silvestre\/#breadcrumb\",\"itemListElement\":[{\"@type\":\"ListItem\",\"position\":1,\"name\":\"Inicio\",\"item\":\"https:\/\/aquacord.com.co\/\"},{\"@type\":\"ListItem\",\"position\":2,\"name\":\"Tienda\",\"item\":\"https:\/\/aquacord.com.co\/index.php\/tienda\/\"},{\"@type\":\"ListItem\",\"position\":3,\"name\":\"BONAIRE GEL 40 G RPTO X3 MORA SILVESTRE\"}]},{\"@type\":\"WebSite\",\"@id\":\"https:\/\/aquacord.com.co\/#website\",\"url\":\"https:\/\/aquacord.com.co\/\",\"name\":\"\",\"description\":\"Todo lo relacionado en productos qu\u00edmicos, accesorios, equipos para piscinas y el aseo de tu hogar e empresas\",\"potentialAction\":[{\"@type\":\"SearchAction\",\"target\":{\"@type\":\"EntryPoint\",\"urlTemplate\":\"https:\/\/aquacord.com.co\/?s={search_term_string}\"},\"query-input\":\"required name=search_term_string\"}],\"inLanguage\":\"es-CO\"}]}<\/script>\n<!-- \/ Yoast SEO plugin. -->","yoast_head_json":{"title":"BONAIRE GEL 40 G RPTO X3 MORA SILVESTRE -","description":"BONAIRE GEL, Bonaire ha sido dise\u00f1ado para ambientar espacios peque\u00f1os en su hogar u oficina como closets, ba\u00f1os, armarios y autom\u00f3viles.","robots":{"index":"index","follow":"follow","max-snippet":"max-snippet:-1","max-image-preview":"max-image-preview:large","max-video-preview":"max-video-preview:-1"},"canonical":"https:\/\/aquacord.com.co\/index.php\/product\/bonaire-gel-40-g-rpto-x3-mora-silvestre\/","og_locale":"es_ES","og_type":"article","og_title":"BONAIRE GEL 40 G RPTO X3 MORA SILVESTRE -","og_description":"BONAIRE GEL, Bonaire ha sido dise\u00f1ado para ambientar espacios peque\u00f1os en su hogar u oficina como closets, ba\u00f1os, armarios y autom\u00f3viles.","og_url":"https:\/\/aquacord.com.co\/index.php\/product\/bonaire-gel-40-g-rpto-x3-mora-silvestre\/","article_modified_time":"2024-09-06T17:32:51+00:00","og_image":[{"width":1000,"height":1000,"url":"https:\/\/aquacord.com.co\/wp-content\/uploads\/2023\/04\/1659358906_505898-505898__1000.jpg","type":"image\/jpeg"}],"twitter_card":"summary_large_image","twitter_misc":{"Tiempo estimado de lectura":"1 minuto"},"schema":{"@context":"https:\/\/schema.org","@graph":[{"@type":"WebPage","@id":"https:\/\/aquacord.com.co\/index.php\/product\/bonaire-gel-40-g-rpto-x3-mora-silvestre\/","url":"https:\/\/aquacord.com.co\/index.php\/product\/bonaire-gel-40-g-rpto-x3-mora-silvestre\/","name":"BONAIRE GEL 40 G RPTO X3 MORA SILVESTRE -","isPartOf":{"@id":"https:\/\/aquacord.com.co\/#website"},"datePublished":"2023-04-12T14:16:45+00:00","dateModified":"2024-09-06T17:32:51+00:00","description":"BONAIRE GEL, Bonaire ha sido dise\u00f1ado para ambientar espacios peque\u00f1os en su hogar u oficina como closets, ba\u00f1os, armarios y autom\u00f3viles.","breadcrumb":{"@id":"https:\/\/aquacord.com.co\/index.php\/product\/bonaire-gel-40-g-rpto-x3-mora-silvestre\/#breadcrumb"},"inLanguage":"es-CO","potentialAction":[{"@type":"ReadAction","target":["https:\/\/aquacord.com.co\/index.php\/product\/bonaire-gel-40-g-rpto-x3-mora-silvestre\/"]}]},{"@type":"BreadcrumbList","@id":"https:\/\/aquacord.com.co\/index.php\/product\/bonaire-gel-40-g-rpto-x3-mora-silvestre\/#breadcrumb","itemListElement":[{"@type":"ListItem","position":1,"name":"Inicio","item":"https:\/\/aquacord.com.co\/"},{"@type":"ListItem","position":2,"name":"Tienda","item":"https:\/\/aquacord.com.co\/index.php\/tienda\/"},{"@type":"ListItem","position":3,"name":"BONAIRE GEL 40 G RPTO X3 MORA SILVESTRE"}]},{"@type":"WebSite","@id":"https:\/\/aquacord.com.co\/#website","url":"https:\/\/aquacord.com.co\/","name":"","description":"Todo lo relacionado en productos qu\u00edmicos, accesorios, equipos para piscinas y el aseo de tu hogar e empresas","potentialAction":[{"@type":"SearchAction","target":{"@type":"EntryPoint","urlTemplate":"https:\/\/aquacord.com.co\/?s={search_term_string}"},"query-input":"required name=search_term_string"}],"inLanguage":"es-CO"}]}},"_links":{"self":[{"href":"https:\/\/aquacord.com.co\/index.php\/wp-json\/wp\/v2\/product\/3177"}],"collection":[{"href":"https:\/\/aquacord.com.co\/index.php\/wp-json\/wp\/v2\/product"}],"about":[{"href":"https:\/\/aquacord.com.co\/index.php\/wp-json\/wp\/v2\/types\/product"}],"replies":[{"embeddable":true,"href":"https:\/\/aquacord.com.co\/index.php\/wp-json\/wp\/v2\/comments?post=3177"}],"version-history":[{"count":2,"href":"https:\/\/aquacord.com.co\/index.php\/wp-json\/wp\/v2\/product\/3177\/revisions"}],"predecessor-version":[{"id":5038,"href":"https:\/\/aquacord.com.co\/index.php\/wp-json\/wp\/v2\/product\/3177\/revisions\/5038"}],"wp:featuredmedia":[{"embeddable":true,"href":"https:\/\/aquacord.com.co\/index.php\/wp-json\/wp\/v2\/media\/3178"}],"wp:attachment":[{"href":"https:\/\/aquacord.com.co\/index.php\/wp-json\/wp\/v2\/media?parent=3177"}],"wp:term":[{"taxonomy":"product_cat","embeddable":true,"href":"https:\/\/aquacord.com.co\/index.php\/wp-json\/wp\/v2\/product_cat?post=3177"},{"taxonomy":"product_tag","embeddable":true,"href":"https:\/\/aquacord.com.co\/index.php\/wp-json\/wp\/v2\/product_tag?post=3177"}],"curies":[{"name":"wp","href":"https:\/\/api.w.org\/{rel}","templated":true}]}}