{"id":3452,"date":"2023-04-15T17:02:51","date_gmt":"2023-04-15T17:02:51","guid":{"rendered":"https:\/\/aquacord.com.co\/?post_type=product&#038;p=3452"},"modified":"2024-09-11T16:52:05","modified_gmt":"2024-09-11T16:52:05","slug":"acido-acetico-x-lts","status":"publish","type":"product","link":"https:\/\/aquacord.com.co\/index.php\/product\/acido-acetico-x-lts\/","title":{"rendered":"ACIDO ACETICO"},"content":{"rendered":"<p>ACIDO ACETICO, El uso principal del \u00e1cido ac\u00e9tico es como <b>intermediario qu\u00edmico en la fabricaci\u00f3n del mon\u00f3mero de acetato de vinilo<\/b>, y que representa, aproximadamente, un tercio del consumo de \u00e1cido ac\u00e9tico.<\/p>\n","protected":false},"excerpt":{"rendered":"<p>ACIDO ACETICO, El uso principal del \u00e1cido ac\u00e9tico es como intermediario qu\u00edmico en la fabricaci\u00f3n del mon\u00f3mero de acetato de vinilo, y que representa, aproximadamente, un tercio del consumo de \u00e1cido ac\u00e9tico.<\/p>\n","protected":false},"featured_media":3453,"comment_status":"open","ping_status":"closed","template":"","meta":{"site-sidebar-layout":"default","site-content-layout":"default","ast-global-header-display":"","ast-main-header-display":"","ast-hfb-above-header-display":"","ast-hfb-below-header-display":"","ast-hfb-mobile-header-display":"","site-post-title":"","ast-breadcrumbs-content":"","ast-featured-img":"","footer-sml-layout":"","theme-transparent-header-meta":"default","adv-header-id-meta":"","stick-header-meta":"","header-above-stick-meta":"","header-main-stick-meta":"","header-below-stick-meta":""},"product_cat":[28,45],"product_tag":[],"yoast_head":"<!-- This site is optimized with the Yoast SEO plugin v20.1 - https:\/\/yoast.com\/wordpress\/plugins\/seo\/ -->\n<title>ACIDO ACETICO -<\/title>\n<meta name=\"description\" content=\"ACIDO ACETICO X LTS El uso principal del \u00e1cido ac\u00e9tico es como intermediario qu\u00edmico en la fabricaci\u00f3n del mon\u00f3mero de acetato de vinilo, y que representa, aproximadamente, un tercio del consumo de \u00e1cido ac\u00e9tico.\" \/>\n<meta name=\"robots\" content=\"index, follow, max-snippet:-1, max-image-preview:large, max-video-preview:-1\" \/>\n<link rel=\"canonical\" href=\"https:\/\/aquacord.com.co\/index.php\/product\/acido-acetico-x-lts\/\" \/>\n<meta property=\"og:locale\" content=\"es_ES\" \/>\n<meta property=\"og:type\" content=\"article\" \/>\n<meta property=\"og:title\" content=\"ACIDO ACETICO -\" \/>\n<meta property=\"og:description\" content=\"ACIDO ACETICO X LTS El uso principal del \u00e1cido ac\u00e9tico es como intermediario qu\u00edmico en la fabricaci\u00f3n del mon\u00f3mero de acetato de vinilo, y que representa, aproximadamente, un tercio del consumo de \u00e1cido ac\u00e9tico.\" \/>\n<meta property=\"og:url\" content=\"https:\/\/aquacord.com.co\/index.php\/product\/acido-acetico-x-lts\/\" \/>\n<meta property=\"article:modified_time\" content=\"2024-09-11T16:52:05+00:00\" \/>\n<meta property=\"og:image\" content=\"https:\/\/aquacord.com.co\/wp-content\/uploads\/2023\/04\/Captura-de-pantalla-2023-04-15-115907.png\" \/>\n\t<meta property=\"og:image:width\" content=\"365\" \/>\n\t<meta property=\"og:image:height\" content=\"510\" \/>\n\t<meta property=\"og:image:type\" content=\"image\/png\" \/>\n<meta name=\"twitter:card\" content=\"summary_large_image\" \/>\n<meta name=\"twitter:label1\" content=\"Tiempo estimado de lectura\" \/>\n\t<meta name=\"twitter:data1\" content=\"1 minuto\" \/>\n<script type=\"application\/ld+json\" class=\"yoast-schema-graph\">{\"@context\":\"https:\/\/schema.org\",\"@graph\":[{\"@type\":\"WebPage\",\"@id\":\"https:\/\/aquacord.com.co\/index.php\/product\/acido-acetico-x-lts\/\",\"url\":\"https:\/\/aquacord.com.co\/index.php\/product\/acido-acetico-x-lts\/\",\"name\":\"ACIDO ACETICO -\",\"isPartOf\":{\"@id\":\"https:\/\/aquacord.com.co\/#website\"},\"datePublished\":\"2023-04-15T17:02:51+00:00\",\"dateModified\":\"2024-09-11T16:52:05+00:00\",\"description\":\"ACIDO ACETICO X LTS El uso principal del \u00e1cido ac\u00e9tico es como intermediario qu\u00edmico en la fabricaci\u00f3n del mon\u00f3mero de acetato de vinilo, y que representa, aproximadamente, un tercio del consumo de \u00e1cido ac\u00e9tico.\",\"breadcrumb\":{\"@id\":\"https:\/\/aquacord.com.co\/index.php\/product\/acido-acetico-x-lts\/#breadcrumb\"},\"inLanguage\":\"es-CO\",\"potentialAction\":[{\"@type\":\"ReadAction\",\"target\":[\"https:\/\/aquacord.com.co\/index.php\/product\/acido-acetico-x-lts\/\"]}]},{\"@type\":\"BreadcrumbList\",\"@id\":\"https:\/\/aquacord.com.co\/index.php\/product\/acido-acetico-x-lts\/#breadcrumb\",\"itemListElement\":[{\"@type\":\"ListItem\",\"position\":1,\"name\":\"Inicio\",\"item\":\"https:\/\/aquacord.com.co\/\"},{\"@type\":\"ListItem\",\"position\":2,\"name\":\"Tienda\",\"item\":\"https:\/\/aquacord.com.co\/index.php\/tienda\/\"},{\"@type\":\"ListItem\",\"position\":3,\"name\":\"ACIDO ACETICO\"}]},{\"@type\":\"WebSite\",\"@id\":\"https:\/\/aquacord.com.co\/#website\",\"url\":\"https:\/\/aquacord.com.co\/\",\"name\":\"\",\"description\":\"Todo lo relacionado en productos qu\u00edmicos, accesorios, equipos para piscinas y el aseo de tu hogar e empresas\",\"potentialAction\":[{\"@type\":\"SearchAction\",\"target\":{\"@type\":\"EntryPoint\",\"urlTemplate\":\"https:\/\/aquacord.com.co\/?s={search_term_string}\"},\"query-input\":\"required name=search_term_string\"}],\"inLanguage\":\"es-CO\"}]}<\/script>\n<!-- \/ Yoast SEO plugin. -->","yoast_head_json":{"title":"ACIDO ACETICO -","description":"ACIDO ACETICO X LTS El uso principal del \u00e1cido ac\u00e9tico es como intermediario qu\u00edmico en la fabricaci\u00f3n del mon\u00f3mero de acetato de vinilo, y que representa, aproximadamente, un tercio del consumo de \u00e1cido ac\u00e9tico.","robots":{"index":"index","follow":"follow","max-snippet":"max-snippet:-1","max-image-preview":"max-image-preview:large","max-video-preview":"max-video-preview:-1"},"canonical":"https:\/\/aquacord.com.co\/index.php\/product\/acido-acetico-x-lts\/","og_locale":"es_ES","og_type":"article","og_title":"ACIDO ACETICO -","og_description":"ACIDO ACETICO X LTS El uso principal del \u00e1cido ac\u00e9tico es como intermediario qu\u00edmico en la fabricaci\u00f3n del mon\u00f3mero de acetato de vinilo, y que representa, aproximadamente, un tercio del consumo de \u00e1cido ac\u00e9tico.","og_url":"https:\/\/aquacord.com.co\/index.php\/product\/acido-acetico-x-lts\/","article_modified_time":"2024-09-11T16:52:05+00:00","og_image":[{"width":365,"height":510,"url":"https:\/\/aquacord.com.co\/wp-content\/uploads\/2023\/04\/Captura-de-pantalla-2023-04-15-115907.png","type":"image\/png"}],"twitter_card":"summary_large_image","twitter_misc":{"Tiempo estimado de lectura":"1 minuto"},"schema":{"@context":"https:\/\/schema.org","@graph":[{"@type":"WebPage","@id":"https:\/\/aquacord.com.co\/index.php\/product\/acido-acetico-x-lts\/","url":"https:\/\/aquacord.com.co\/index.php\/product\/acido-acetico-x-lts\/","name":"ACIDO ACETICO -","isPartOf":{"@id":"https:\/\/aquacord.com.co\/#website"},"datePublished":"2023-04-15T17:02:51+00:00","dateModified":"2024-09-11T16:52:05+00:00","description":"ACIDO ACETICO X LTS El uso principal del \u00e1cido ac\u00e9tico es como intermediario qu\u00edmico en la fabricaci\u00f3n del mon\u00f3mero de acetato de vinilo, y que representa, aproximadamente, un tercio del consumo de \u00e1cido ac\u00e9tico.","breadcrumb":{"@id":"https:\/\/aquacord.com.co\/index.php\/product\/acido-acetico-x-lts\/#breadcrumb"},"inLanguage":"es-CO","potentialAction":[{"@type":"ReadAction","target":["https:\/\/aquacord.com.co\/index.php\/product\/acido-acetico-x-lts\/"]}]},{"@type":"BreadcrumbList","@id":"https:\/\/aquacord.com.co\/index.php\/product\/acido-acetico-x-lts\/#breadcrumb","itemListElement":[{"@type":"ListItem","position":1,"name":"Inicio","item":"https:\/\/aquacord.com.co\/"},{"@type":"ListItem","position":2,"name":"Tienda","item":"https:\/\/aquacord.com.co\/index.php\/tienda\/"},{"@type":"ListItem","position":3,"name":"ACIDO ACETICO"}]},{"@type":"WebSite","@id":"https:\/\/aquacord.com.co\/#website","url":"https:\/\/aquacord.com.co\/","name":"","description":"Todo lo relacionado en productos qu\u00edmicos, accesorios, equipos para piscinas y el aseo de tu hogar e empresas","potentialAction":[{"@type":"SearchAction","target":{"@type":"EntryPoint","urlTemplate":"https:\/\/aquacord.com.co\/?s={search_term_string}"},"query-input":"required name=search_term_string"}],"inLanguage":"es-CO"}]}},"_links":{"self":[{"href":"https:\/\/aquacord.com.co\/index.php\/wp-json\/wp\/v2\/product\/3452"}],"collection":[{"href":"https:\/\/aquacord.com.co\/index.php\/wp-json\/wp\/v2\/product"}],"about":[{"href":"https:\/\/aquacord.com.co\/index.php\/wp-json\/wp\/v2\/types\/product"}],"replies":[{"embeddable":true,"href":"https:\/\/aquacord.com.co\/index.php\/wp-json\/wp\/v2\/comments?post=3452"}],"version-history":[{"count":2,"href":"https:\/\/aquacord.com.co\/index.php\/wp-json\/wp\/v2\/product\/3452\/revisions"}],"predecessor-version":[{"id":5276,"href":"https:\/\/aquacord.com.co\/index.php\/wp-json\/wp\/v2\/product\/3452\/revisions\/5276"}],"wp:featuredmedia":[{"embeddable":true,"href":"https:\/\/aquacord.com.co\/index.php\/wp-json\/wp\/v2\/media\/3453"}],"wp:attachment":[{"href":"https:\/\/aquacord.com.co\/index.php\/wp-json\/wp\/v2\/media?parent=3452"}],"wp:term":[{"taxonomy":"product_cat","embeddable":true,"href":"https:\/\/aquacord.com.co\/index.php\/wp-json\/wp\/v2\/product_cat?post=3452"},{"taxonomy":"product_tag","embeddable":true,"href":"https:\/\/aquacord.com.co\/index.php\/wp-json\/wp\/v2\/product_tag?post=3452"}],"curies":[{"name":"wp","href":"https:\/\/api.w.org\/{rel}","templated":true}]}}