{"id":3462,"date":"2023-04-15T18:23:33","date_gmt":"2023-04-15T18:23:33","guid":{"rendered":"https:\/\/aquacord.com.co\/?post_type=product&#038;p=3462"},"modified":"2024-02-21T20:06:37","modified_gmt":"2024-02-21T20:06:37","slug":"rayol-spray-400ml","status":"publish","type":"product","link":"https:\/\/aquacord.com.co\/index.php\/product\/rayol-spray-400ml\/","title":{"rendered":"RAYOL SPRAY 400ML"},"content":{"rendered":"<p>RAYOL SPRA<span style=\"font-size: 16px;font-style: normal;font-weight: 400\">\u00a0<\/span><span style=\"font-size: 16px\">Y 400ML Productos desarrollados para\u00a0<b>eliminar y ahuyentar insectos voladores y rastreros<\/b>\u00a0presentes en cualquier rinc\u00f3n del hogar como cocinas, ba\u00f1os, habitaciones, ca\u00f1er\u00edas, desag\u00fces, colchones etc.<\/span><\/p>\n","protected":false},"excerpt":{"rendered":"<p>RAYOL SPRA\u00a0Y 400ML Productos desarrollados para\u00a0eliminar y ahuyentar insectos voladores y rastreros\u00a0presentes en cualquier rinc\u00f3n del hogar como cocinas, ba\u00f1os, habitaciones, ca\u00f1er\u00edas, desag\u00fces, colchones etc.<\/p>\n","protected":false},"featured_media":3467,"comment_status":"open","ping_status":"closed","template":"","meta":{"site-sidebar-layout":"default","site-content-layout":"default","ast-global-header-display":"","ast-main-header-display":"","ast-hfb-above-header-display":"","ast-hfb-below-header-display":"","ast-hfb-mobile-header-display":"","site-post-title":"","ast-breadcrumbs-content":"","ast-featured-img":"","footer-sml-layout":"","theme-transparent-header-meta":"default","adv-header-id-meta":"","stick-header-meta":"","header-above-stick-meta":"","header-main-stick-meta":"","header-below-stick-meta":""},"product_cat":[18,46],"product_tag":[],"yoast_head":"<!-- This site is optimized with the Yoast SEO plugin v20.1 - https:\/\/yoast.com\/wordpress\/plugins\/seo\/ -->\n<title>RAYOL SPRAY 400ML -<\/title>\n<meta name=\"description\" content=\"RAYOL SPRAY 400ML RAYOL SPRA\u00a0Y 400ML Productos desarrollados para\u00a0eliminar y ahuyentar insectos voladores y rastreros\u00a0presentes en cualquier rinc\u00f3n del hogar como cocinas, ba\u00f1os, habitaciones, ca\u00f1er\u00edas, desag\u00fces, colchones etc.\" \/>\n<meta name=\"robots\" content=\"index, follow, max-snippet:-1, max-image-preview:large, max-video-preview:-1\" \/>\n<link rel=\"canonical\" href=\"https:\/\/aquacord.com.co\/index.php\/product\/rayol-spray-400ml\/\" \/>\n<meta property=\"og:locale\" content=\"es_ES\" \/>\n<meta property=\"og:type\" content=\"article\" \/>\n<meta property=\"og:title\" content=\"RAYOL SPRAY 400ML -\" \/>\n<meta property=\"og:description\" content=\"RAYOL SPRAY 400ML RAYOL SPRA\u00a0Y 400ML Productos desarrollados para\u00a0eliminar y ahuyentar insectos voladores y rastreros\u00a0presentes en cualquier rinc\u00f3n del hogar como cocinas, ba\u00f1os, habitaciones, ca\u00f1er\u00edas, desag\u00fces, colchones etc.\" \/>\n<meta property=\"og:url\" content=\"https:\/\/aquacord.com.co\/index.php\/product\/rayol-spray-400ml\/\" \/>\n<meta property=\"article:modified_time\" content=\"2024-02-21T20:06:37+00:00\" \/>\n<meta property=\"og:image\" content=\"https:\/\/aquacord.com.co\/wp-content\/uploads\/2023\/04\/Captura-de-pantalla-2023-04-15-132108.png\" \/>\n\t<meta property=\"og:image:width\" content=\"299\" \/>\n\t<meta property=\"og:image:height\" content=\"510\" \/>\n\t<meta property=\"og:image:type\" content=\"image\/png\" \/>\n<meta name=\"twitter:card\" content=\"summary_large_image\" \/>\n<meta name=\"twitter:label1\" content=\"Tiempo estimado de lectura\" \/>\n\t<meta name=\"twitter:data1\" content=\"1 minuto\" \/>\n<script type=\"application\/ld+json\" class=\"yoast-schema-graph\">{\"@context\":\"https:\/\/schema.org\",\"@graph\":[{\"@type\":\"WebPage\",\"@id\":\"https:\/\/aquacord.com.co\/index.php\/product\/rayol-spray-400ml\/\",\"url\":\"https:\/\/aquacord.com.co\/index.php\/product\/rayol-spray-400ml\/\",\"name\":\"RAYOL SPRAY 400ML -\",\"isPartOf\":{\"@id\":\"https:\/\/aquacord.com.co\/#website\"},\"datePublished\":\"2023-04-15T18:23:33+00:00\",\"dateModified\":\"2024-02-21T20:06:37+00:00\",\"description\":\"RAYOL SPRAY 400ML RAYOL SPRA\u00a0Y 400ML Productos desarrollados para\u00a0eliminar y ahuyentar insectos voladores y rastreros\u00a0presentes en cualquier rinc\u00f3n del hogar como cocinas, ba\u00f1os, habitaciones, ca\u00f1er\u00edas, desag\u00fces, colchones etc.\",\"breadcrumb\":{\"@id\":\"https:\/\/aquacord.com.co\/index.php\/product\/rayol-spray-400ml\/#breadcrumb\"},\"inLanguage\":\"es-CO\",\"potentialAction\":[{\"@type\":\"ReadAction\",\"target\":[\"https:\/\/aquacord.com.co\/index.php\/product\/rayol-spray-400ml\/\"]}]},{\"@type\":\"BreadcrumbList\",\"@id\":\"https:\/\/aquacord.com.co\/index.php\/product\/rayol-spray-400ml\/#breadcrumb\",\"itemListElement\":[{\"@type\":\"ListItem\",\"position\":1,\"name\":\"Inicio\",\"item\":\"https:\/\/aquacord.com.co\/\"},{\"@type\":\"ListItem\",\"position\":2,\"name\":\"Tienda\",\"item\":\"https:\/\/aquacord.com.co\/index.php\/tienda\/\"},{\"@type\":\"ListItem\",\"position\":3,\"name\":\"RAYOL SPRAY 400ML\"}]},{\"@type\":\"WebSite\",\"@id\":\"https:\/\/aquacord.com.co\/#website\",\"url\":\"https:\/\/aquacord.com.co\/\",\"name\":\"\",\"description\":\"Todo lo relacionado en productos qu\u00edmicos, accesorios, equipos para piscinas y el aseo de tu hogar e empresas\",\"potentialAction\":[{\"@type\":\"SearchAction\",\"target\":{\"@type\":\"EntryPoint\",\"urlTemplate\":\"https:\/\/aquacord.com.co\/?s={search_term_string}\"},\"query-input\":\"required name=search_term_string\"}],\"inLanguage\":\"es-CO\"}]}<\/script>\n<!-- \/ Yoast SEO plugin. -->","yoast_head_json":{"title":"RAYOL SPRAY 400ML -","description":"RAYOL SPRAY 400ML RAYOL SPRA\u00a0Y 400ML Productos desarrollados para\u00a0eliminar y ahuyentar insectos voladores y rastreros\u00a0presentes en cualquier rinc\u00f3n del hogar como cocinas, ba\u00f1os, habitaciones, ca\u00f1er\u00edas, desag\u00fces, colchones etc.","robots":{"index":"index","follow":"follow","max-snippet":"max-snippet:-1","max-image-preview":"max-image-preview:large","max-video-preview":"max-video-preview:-1"},"canonical":"https:\/\/aquacord.com.co\/index.php\/product\/rayol-spray-400ml\/","og_locale":"es_ES","og_type":"article","og_title":"RAYOL SPRAY 400ML -","og_description":"RAYOL SPRAY 400ML RAYOL SPRA\u00a0Y 400ML Productos desarrollados para\u00a0eliminar y ahuyentar insectos voladores y rastreros\u00a0presentes en cualquier rinc\u00f3n del hogar como cocinas, ba\u00f1os, habitaciones, ca\u00f1er\u00edas, desag\u00fces, colchones etc.","og_url":"https:\/\/aquacord.com.co\/index.php\/product\/rayol-spray-400ml\/","article_modified_time":"2024-02-21T20:06:37+00:00","og_image":[{"width":299,"height":510,"url":"https:\/\/aquacord.com.co\/wp-content\/uploads\/2023\/04\/Captura-de-pantalla-2023-04-15-132108.png","type":"image\/png"}],"twitter_card":"summary_large_image","twitter_misc":{"Tiempo estimado de lectura":"1 minuto"},"schema":{"@context":"https:\/\/schema.org","@graph":[{"@type":"WebPage","@id":"https:\/\/aquacord.com.co\/index.php\/product\/rayol-spray-400ml\/","url":"https:\/\/aquacord.com.co\/index.php\/product\/rayol-spray-400ml\/","name":"RAYOL SPRAY 400ML -","isPartOf":{"@id":"https:\/\/aquacord.com.co\/#website"},"datePublished":"2023-04-15T18:23:33+00:00","dateModified":"2024-02-21T20:06:37+00:00","description":"RAYOL SPRAY 400ML RAYOL SPRA\u00a0Y 400ML Productos desarrollados para\u00a0eliminar y ahuyentar insectos voladores y rastreros\u00a0presentes en cualquier rinc\u00f3n del hogar como cocinas, ba\u00f1os, habitaciones, ca\u00f1er\u00edas, desag\u00fces, colchones etc.","breadcrumb":{"@id":"https:\/\/aquacord.com.co\/index.php\/product\/rayol-spray-400ml\/#breadcrumb"},"inLanguage":"es-CO","potentialAction":[{"@type":"ReadAction","target":["https:\/\/aquacord.com.co\/index.php\/product\/rayol-spray-400ml\/"]}]},{"@type":"BreadcrumbList","@id":"https:\/\/aquacord.com.co\/index.php\/product\/rayol-spray-400ml\/#breadcrumb","itemListElement":[{"@type":"ListItem","position":1,"name":"Inicio","item":"https:\/\/aquacord.com.co\/"},{"@type":"ListItem","position":2,"name":"Tienda","item":"https:\/\/aquacord.com.co\/index.php\/tienda\/"},{"@type":"ListItem","position":3,"name":"RAYOL SPRAY 400ML"}]},{"@type":"WebSite","@id":"https:\/\/aquacord.com.co\/#website","url":"https:\/\/aquacord.com.co\/","name":"","description":"Todo lo relacionado en productos qu\u00edmicos, accesorios, equipos para piscinas y el aseo de tu hogar e empresas","potentialAction":[{"@type":"SearchAction","target":{"@type":"EntryPoint","urlTemplate":"https:\/\/aquacord.com.co\/?s={search_term_string}"},"query-input":"required name=search_term_string"}],"inLanguage":"es-CO"}]}},"_links":{"self":[{"href":"https:\/\/aquacord.com.co\/index.php\/wp-json\/wp\/v2\/product\/3462"}],"collection":[{"href":"https:\/\/aquacord.com.co\/index.php\/wp-json\/wp\/v2\/product"}],"about":[{"href":"https:\/\/aquacord.com.co\/index.php\/wp-json\/wp\/v2\/types\/product"}],"replies":[{"embeddable":true,"href":"https:\/\/aquacord.com.co\/index.php\/wp-json\/wp\/v2\/comments?post=3462"}],"version-history":[{"count":2,"href":"https:\/\/aquacord.com.co\/index.php\/wp-json\/wp\/v2\/product\/3462\/revisions"}],"predecessor-version":[{"id":4869,"href":"https:\/\/aquacord.com.co\/index.php\/wp-json\/wp\/v2\/product\/3462\/revisions\/4869"}],"wp:featuredmedia":[{"embeddable":true,"href":"https:\/\/aquacord.com.co\/index.php\/wp-json\/wp\/v2\/media\/3467"}],"wp:attachment":[{"href":"https:\/\/aquacord.com.co\/index.php\/wp-json\/wp\/v2\/media?parent=3462"}],"wp:term":[{"taxonomy":"product_cat","embeddable":true,"href":"https:\/\/aquacord.com.co\/index.php\/wp-json\/wp\/v2\/product_cat?post=3462"},{"taxonomy":"product_tag","embeddable":true,"href":"https:\/\/aquacord.com.co\/index.php\/wp-json\/wp\/v2\/product_tag?post=3462"}],"curies":[{"name":"wp","href":"https:\/\/api.w.org\/{rel}","templated":true}]}}