{"id":3474,"date":"2023-04-15T18:43:48","date_gmt":"2023-04-15T18:43:48","guid":{"rendered":"https:\/\/aquacord.com.co\/?post_type=product&#038;p=3474"},"modified":"2023-05-16T15:28:23","modified_gmt":"2023-05-16T15:28:23","slug":"rayol-mosquitos-y-moscas-250ml-pistola","status":"publish","type":"product","link":"https:\/\/aquacord.com.co\/index.php\/product\/rayol-mosquitos-y-moscas-250ml-pistola\/","title":{"rendered":"RAYOL MOSQUITOS Y MOSCAS 250ML PISTOLA"},"content":{"rendered":"<p>RAYOL MOSQUITOS Y MOSCAS 250ML PISTOLA<\/p>\n<div class=\"elementor-element elementor-element-21a1eb5c elementor-widget elementor-widget-theme-page-title elementor-page-title elementor-widget-heading\" data-id=\"21a1eb5c\" data-element_type=\"widget\" data-widget_type=\"theme-page-title.default\">\n<div class=\"elementor-widget-container\">\n<h2 class=\"elementor-heading-title elementor-size-default\">Rayol Liquido<\/h2>\n<\/div>\n<\/div>\n<div class=\"elementor-element elementor-element-baa83e9 elementor-widget elementor-widget-theme-post-content\" data-id=\"baa83e9\" data-element_type=\"widget\" data-widget_type=\"theme-post-content.default\">\n<div class=\"elementor-widget-container\">\n<p>Respira tranquilo y disfruta de un ambiente m\u00e1s que impecable con\u00a0<strong>Rayol L\u00cdQUIDO<\/strong>, la f\u00f3rmula ideal para eliminar por contacto a hormigas, cucarachas, mosquitos y m\u00e1s. As\u00ed, puedes aprovechar cada rinc\u00f3n de tu hogar con total seguridad, pues su efecto prolongado los seguir\u00e1 fulminando hasta en los lugares m\u00e1s dif\u00edciles de alcanzar.<\/p>\n<h2>Caracter\u00edsticas<\/h2>\n<ul>\n<li>Presentaci\u00f3n ecol\u00f3gica en atomizador, libre de propelentes.<\/li>\n<li>M\u00f3dico precio.<\/li>\n<li>Efecto residual que contin\u00faa eliminando insectos por semanas.<\/li>\n<li>Efectivo contra insectos voladores y rastreros.<\/li>\n<\/ul>\n<h2>Modo de uso<\/h2>\n<ol>\n<li>Apunta la pistola en direcci\u00f3n al lugar a fumigar (sitios frecuentados por insectos) o directamente al insecto, y dispara el l\u00edquido.<\/li>\n<li>Deja la habitaci\u00f3n donde se ha aplicado el insecticida, con puertas y ventanas cerradas por al menos 15 minutos.<\/li>\n<li>Regresa y deja ventilar el espacio antes de volver a entrar.<\/li>\n<\/ol>\n<\/div>\n<\/div>\n","protected":false},"excerpt":{"rendered":"<p>RAYOL MOSQUITOS Y MOSCAS 250ML PISTOLA Rayol Liquido Respira tranquilo y disfruta de un ambiente m\u00e1s que impecable con\u00a0Rayol L\u00cdQUIDO, la f\u00f3rmula ideal para eliminar por contacto a hormigas, cucarachas, mosquitos y m\u00e1s. As\u00ed, puedes aprovechar cada rinc\u00f3n de tu hogar con total seguridad, pues su efecto prolongado los seguir\u00e1 fulminando hasta en los lugares &hellip;<\/p>\n<p class=\"read-more\"> <a class=\"\" href=\"https:\/\/aquacord.com.co\/index.php\/product\/rayol-mosquitos-y-moscas-250ml-pistola\/\"> <span class=\"screen-reader-text\">RAYOL MOSQUITOS Y MOSCAS 250ML PISTOLA<\/span> Leer m\u00e1s &raquo;<\/a><\/p>\n","protected":false},"featured_media":3476,"comment_status":"open","ping_status":"closed","template":"","meta":{"site-sidebar-layout":"default","site-content-layout":"default","ast-global-header-display":"","ast-main-header-display":"","ast-hfb-above-header-display":"","ast-hfb-below-header-display":"","ast-hfb-mobile-header-display":"","site-post-title":"","ast-breadcrumbs-content":"","ast-featured-img":"","footer-sml-layout":"","theme-transparent-header-meta":"default","adv-header-id-meta":"","stick-header-meta":"","header-above-stick-meta":"","header-main-stick-meta":"","header-below-stick-meta":""},"product_cat":[18,46],"product_tag":[],"yoast_head":"<!-- This site is optimized with the Yoast SEO plugin v20.1 - https:\/\/yoast.com\/wordpress\/plugins\/seo\/ -->\n<title>RAYOL MOSQUITOS Y MOSCAS 250ML PISTOLA -<\/title>\n<meta name=\"description\" content=\"RAYOL MOSQUITOS Y MOSCAS 250ML PISTOLA Respira tranquilo y disfruta de un ambiente m\u00e1s que impecable con\u00a0Rayol L\u00cdQUIDO, la f\u00f3rmula ideal para eliminar por contacto a hormigas, cucarachas, mosquitos y m\u00e1s. As\u00ed, puedes aprovechar cada rinc\u00f3n de tu hogar con total seguridad, pues su efecto prolongado los seguir\u00e1 fulminando hasta en los lugares m\u00e1s dif\u00edciles de alcanzar.\" \/>\n<meta name=\"robots\" content=\"index, follow, max-snippet:-1, max-image-preview:large, max-video-preview:-1\" \/>\n<link rel=\"canonical\" href=\"https:\/\/aquacord.com.co\/index.php\/product\/rayol-mosquitos-y-moscas-250ml-pistola\/\" \/>\n<meta property=\"og:locale\" content=\"es_ES\" \/>\n<meta property=\"og:type\" content=\"article\" \/>\n<meta property=\"og:title\" content=\"RAYOL MOSQUITOS Y MOSCAS 250ML PISTOLA -\" \/>\n<meta property=\"og:description\" content=\"RAYOL MOSQUITOS Y MOSCAS 250ML PISTOLA Respira tranquilo y disfruta de un ambiente m\u00e1s que impecable con\u00a0Rayol L\u00cdQUIDO, la f\u00f3rmula ideal para eliminar por contacto a hormigas, cucarachas, mosquitos y m\u00e1s. As\u00ed, puedes aprovechar cada rinc\u00f3n de tu hogar con total seguridad, pues su efecto prolongado los seguir\u00e1 fulminando hasta en los lugares m\u00e1s dif\u00edciles de alcanzar.\" \/>\n<meta property=\"og:url\" content=\"https:\/\/aquacord.com.co\/index.php\/product\/rayol-mosquitos-y-moscas-250ml-pistola\/\" \/>\n<meta property=\"article:modified_time\" content=\"2023-05-16T15:28:23+00:00\" \/>\n<meta property=\"og:image\" content=\"https:\/\/aquacord.com.co\/wp-content\/uploads\/2023\/04\/WhatsApp_Image_2023-04-15_at_1.40.14_PM__1_-removebg-preview.png\" \/>\n\t<meta property=\"og:image:width\" content=\"433\" \/>\n\t<meta property=\"og:image:height\" content=\"577\" \/>\n\t<meta property=\"og:image:type\" content=\"image\/png\" \/>\n<meta name=\"twitter:card\" content=\"summary_large_image\" \/>\n<meta name=\"twitter:label1\" content=\"Tiempo estimado de lectura\" \/>\n\t<meta name=\"twitter:data1\" content=\"1 minuto\" \/>\n<script type=\"application\/ld+json\" class=\"yoast-schema-graph\">{\"@context\":\"https:\/\/schema.org\",\"@graph\":[{\"@type\":\"WebPage\",\"@id\":\"https:\/\/aquacord.com.co\/index.php\/product\/rayol-mosquitos-y-moscas-250ml-pistola\/\",\"url\":\"https:\/\/aquacord.com.co\/index.php\/product\/rayol-mosquitos-y-moscas-250ml-pistola\/\",\"name\":\"RAYOL MOSQUITOS Y MOSCAS 250ML PISTOLA -\",\"isPartOf\":{\"@id\":\"https:\/\/aquacord.com.co\/#website\"},\"datePublished\":\"2023-04-15T18:43:48+00:00\",\"dateModified\":\"2023-05-16T15:28:23+00:00\",\"description\":\"RAYOL MOSQUITOS Y MOSCAS 250ML PISTOLA Respira tranquilo y disfruta de un ambiente m\u00e1s que impecable con\u00a0Rayol L\u00cdQUIDO, la f\u00f3rmula ideal para eliminar por contacto a hormigas, cucarachas, mosquitos y m\u00e1s. As\u00ed, puedes aprovechar cada rinc\u00f3n de tu hogar con total seguridad, pues su efecto prolongado los seguir\u00e1 fulminando hasta en los lugares m\u00e1s dif\u00edciles de alcanzar.\",\"breadcrumb\":{\"@id\":\"https:\/\/aquacord.com.co\/index.php\/product\/rayol-mosquitos-y-moscas-250ml-pistola\/#breadcrumb\"},\"inLanguage\":\"es-CO\",\"potentialAction\":[{\"@type\":\"ReadAction\",\"target\":[\"https:\/\/aquacord.com.co\/index.php\/product\/rayol-mosquitos-y-moscas-250ml-pistola\/\"]}]},{\"@type\":\"BreadcrumbList\",\"@id\":\"https:\/\/aquacord.com.co\/index.php\/product\/rayol-mosquitos-y-moscas-250ml-pistola\/#breadcrumb\",\"itemListElement\":[{\"@type\":\"ListItem\",\"position\":1,\"name\":\"Inicio\",\"item\":\"https:\/\/aquacord.com.co\/\"},{\"@type\":\"ListItem\",\"position\":2,\"name\":\"Tienda\",\"item\":\"https:\/\/aquacord.com.co\/index.php\/tienda\/\"},{\"@type\":\"ListItem\",\"position\":3,\"name\":\"RAYOL MOSQUITOS Y MOSCAS 250ML PISTOLA\"}]},{\"@type\":\"WebSite\",\"@id\":\"https:\/\/aquacord.com.co\/#website\",\"url\":\"https:\/\/aquacord.com.co\/\",\"name\":\"\",\"description\":\"Todo lo relacionado en productos qu\u00edmicos, accesorios, equipos para piscinas y el aseo de tu hogar e empresas\",\"potentialAction\":[{\"@type\":\"SearchAction\",\"target\":{\"@type\":\"EntryPoint\",\"urlTemplate\":\"https:\/\/aquacord.com.co\/?s={search_term_string}\"},\"query-input\":\"required name=search_term_string\"}],\"inLanguage\":\"es-CO\"}]}<\/script>\n<!-- \/ Yoast SEO plugin. -->","yoast_head_json":{"title":"RAYOL MOSQUITOS Y MOSCAS 250ML PISTOLA -","description":"RAYOL MOSQUITOS Y MOSCAS 250ML PISTOLA Respira tranquilo y disfruta de un ambiente m\u00e1s que impecable con\u00a0Rayol L\u00cdQUIDO, la f\u00f3rmula ideal para eliminar por contacto a hormigas, cucarachas, mosquitos y m\u00e1s. As\u00ed, puedes aprovechar cada rinc\u00f3n de tu hogar con total seguridad, pues su efecto prolongado los seguir\u00e1 fulminando hasta en los lugares m\u00e1s dif\u00edciles de alcanzar.","robots":{"index":"index","follow":"follow","max-snippet":"max-snippet:-1","max-image-preview":"max-image-preview:large","max-video-preview":"max-video-preview:-1"},"canonical":"https:\/\/aquacord.com.co\/index.php\/product\/rayol-mosquitos-y-moscas-250ml-pistola\/","og_locale":"es_ES","og_type":"article","og_title":"RAYOL MOSQUITOS Y MOSCAS 250ML PISTOLA -","og_description":"RAYOL MOSQUITOS Y MOSCAS 250ML PISTOLA Respira tranquilo y disfruta de un ambiente m\u00e1s que impecable con\u00a0Rayol L\u00cdQUIDO, la f\u00f3rmula ideal para eliminar por contacto a hormigas, cucarachas, mosquitos y m\u00e1s. As\u00ed, puedes aprovechar cada rinc\u00f3n de tu hogar con total seguridad, pues su efecto prolongado los seguir\u00e1 fulminando hasta en los lugares m\u00e1s dif\u00edciles de alcanzar.","og_url":"https:\/\/aquacord.com.co\/index.php\/product\/rayol-mosquitos-y-moscas-250ml-pistola\/","article_modified_time":"2023-05-16T15:28:23+00:00","og_image":[{"width":433,"height":577,"url":"https:\/\/aquacord.com.co\/wp-content\/uploads\/2023\/04\/WhatsApp_Image_2023-04-15_at_1.40.14_PM__1_-removebg-preview.png","type":"image\/png"}],"twitter_card":"summary_large_image","twitter_misc":{"Tiempo estimado de lectura":"1 minuto"},"schema":{"@context":"https:\/\/schema.org","@graph":[{"@type":"WebPage","@id":"https:\/\/aquacord.com.co\/index.php\/product\/rayol-mosquitos-y-moscas-250ml-pistola\/","url":"https:\/\/aquacord.com.co\/index.php\/product\/rayol-mosquitos-y-moscas-250ml-pistola\/","name":"RAYOL MOSQUITOS Y MOSCAS 250ML PISTOLA -","isPartOf":{"@id":"https:\/\/aquacord.com.co\/#website"},"datePublished":"2023-04-15T18:43:48+00:00","dateModified":"2023-05-16T15:28:23+00:00","description":"RAYOL MOSQUITOS Y MOSCAS 250ML PISTOLA Respira tranquilo y disfruta de un ambiente m\u00e1s que impecable con\u00a0Rayol L\u00cdQUIDO, la f\u00f3rmula ideal para eliminar por contacto a hormigas, cucarachas, mosquitos y m\u00e1s. As\u00ed, puedes aprovechar cada rinc\u00f3n de tu hogar con total seguridad, pues su efecto prolongado los seguir\u00e1 fulminando hasta en los lugares m\u00e1s dif\u00edciles de alcanzar.","breadcrumb":{"@id":"https:\/\/aquacord.com.co\/index.php\/product\/rayol-mosquitos-y-moscas-250ml-pistola\/#breadcrumb"},"inLanguage":"es-CO","potentialAction":[{"@type":"ReadAction","target":["https:\/\/aquacord.com.co\/index.php\/product\/rayol-mosquitos-y-moscas-250ml-pistola\/"]}]},{"@type":"BreadcrumbList","@id":"https:\/\/aquacord.com.co\/index.php\/product\/rayol-mosquitos-y-moscas-250ml-pistola\/#breadcrumb","itemListElement":[{"@type":"ListItem","position":1,"name":"Inicio","item":"https:\/\/aquacord.com.co\/"},{"@type":"ListItem","position":2,"name":"Tienda","item":"https:\/\/aquacord.com.co\/index.php\/tienda\/"},{"@type":"ListItem","position":3,"name":"RAYOL MOSQUITOS Y MOSCAS 250ML PISTOLA"}]},{"@type":"WebSite","@id":"https:\/\/aquacord.com.co\/#website","url":"https:\/\/aquacord.com.co\/","name":"","description":"Todo lo relacionado en productos qu\u00edmicos, accesorios, equipos para piscinas y el aseo de tu hogar e empresas","potentialAction":[{"@type":"SearchAction","target":{"@type":"EntryPoint","urlTemplate":"https:\/\/aquacord.com.co\/?s={search_term_string}"},"query-input":"required name=search_term_string"}],"inLanguage":"es-CO"}]}},"_links":{"self":[{"href":"https:\/\/aquacord.com.co\/index.php\/wp-json\/wp\/v2\/product\/3474"}],"collection":[{"href":"https:\/\/aquacord.com.co\/index.php\/wp-json\/wp\/v2\/product"}],"about":[{"href":"https:\/\/aquacord.com.co\/index.php\/wp-json\/wp\/v2\/types\/product"}],"replies":[{"embeddable":true,"href":"https:\/\/aquacord.com.co\/index.php\/wp-json\/wp\/v2\/comments?post=3474"}],"version-history":[{"count":1,"href":"https:\/\/aquacord.com.co\/index.php\/wp-json\/wp\/v2\/product\/3474\/revisions"}],"predecessor-version":[{"id":4150,"href":"https:\/\/aquacord.com.co\/index.php\/wp-json\/wp\/v2\/product\/3474\/revisions\/4150"}],"wp:featuredmedia":[{"embeddable":true,"href":"https:\/\/aquacord.com.co\/index.php\/wp-json\/wp\/v2\/media\/3476"}],"wp:attachment":[{"href":"https:\/\/aquacord.com.co\/index.php\/wp-json\/wp\/v2\/media?parent=3474"}],"wp:term":[{"taxonomy":"product_cat","embeddable":true,"href":"https:\/\/aquacord.com.co\/index.php\/wp-json\/wp\/v2\/product_cat?post=3474"},{"taxonomy":"product_tag","embeddable":true,"href":"https:\/\/aquacord.com.co\/index.php\/wp-json\/wp\/v2\/product_tag?post=3474"}],"curies":[{"name":"wp","href":"https:\/\/api.w.org\/{rel}","templated":true}]}}