{"id":3561,"date":"2023-04-17T21:10:47","date_gmt":"2023-04-17T21:10:47","guid":{"rendered":"https:\/\/aquacord.com.co\/?post_type=product&#038;p=3561"},"modified":"2024-11-30T08:17:06","modified_gmt":"2024-11-30T08:17:06","slug":"paca-papel-higienico-hotelero-x-18","status":"publish","type":"product","link":"https:\/\/aquacord.com.co\/index.php\/product\/paca-papel-higienico-hotelero-x-18\/","title":{"rendered":"PACA PAPEL HIGIENICO HOTELERO X 18"},"content":{"rendered":"<p>El papel higi\u00e9nico (denominado tambi\u00e9n rollo higi\u00e9nico, papel de ba\u00f1o, papel sanitario, papel toilette, papel \u00edntimo o papel confort, seg\u00fan sea el pa\u00eds) es un tipo de papel delgado, que\u00a0<b>se utiliza para el aseo \u00edntimo, tras el acto de la defecaci\u00f3n o de micci\u00f3n<\/b>.<\/p>\n<p>Papel Higi\u00e9nico de dispensador en color blanco o natural, laminado y con precorte para mayor rendimiento.<\/p>\n","protected":false},"excerpt":{"rendered":"<p>El papel higi\u00e9nico (denominado tambi\u00e9n rollo higi\u00e9nico, papel de ba\u00f1o, papel sanitario, papel toilette, papel \u00edntimo o papel confort, seg\u00fan sea el pa\u00eds) es un tipo de papel delgado, que\u00a0se utiliza para el aseo \u00edntimo, tras el acto de la defecaci\u00f3n o de micci\u00f3n. Papel Higi\u00e9nico de dispensador en color blanco o natural, laminado y &hellip;<\/p>\n<p class=\"read-more\"> <a class=\"\" href=\"https:\/\/aquacord.com.co\/index.php\/product\/paca-papel-higienico-hotelero-x-18\/\"> <span class=\"screen-reader-text\">PACA PAPEL HIGIENICO HOTELERO X 18<\/span> Leer m\u00e1s &raquo;<\/a><\/p>\n","protected":false},"featured_media":3563,"comment_status":"open","ping_status":"closed","template":"","meta":{"site-sidebar-layout":"default","site-content-layout":"default","ast-global-header-display":"","ast-main-header-display":"","ast-hfb-above-header-display":"","ast-hfb-below-header-display":"","ast-hfb-mobile-header-display":"","site-post-title":"","ast-breadcrumbs-content":"","ast-featured-img":"","footer-sml-layout":"","theme-transparent-header-meta":"default","adv-header-id-meta":"","stick-header-meta":"","header-above-stick-meta":"","header-main-stick-meta":"","header-below-stick-meta":""},"product_cat":[18,50],"product_tag":[],"yoast_head":"<!-- This site is optimized with the Yoast SEO plugin v20.1 - https:\/\/yoast.com\/wordpress\/plugins\/seo\/ -->\n<title>PACA PAPEL HIGIENICO HOTELERO X 18 -<\/title>\n<meta name=\"description\" content=\"PACA PAPEL HIGIENICO HOTELERO X 18 El papel higi\u00e9nico (denominado tambi\u00e9n rollo higi\u00e9nico, papel de ba\u00f1o, papel sanitario, papel toilette, papel \u00edntimo o papel confort, seg\u00fan sea el pa\u00eds) es un tipo de papel delgado, que\u00a0se utiliza para el aseo \u00edntimo, tras el acto de la defecaci\u00f3n o de micci\u00f3n.Papel Higi\u00e9nico de dispensador en color blanco o natural, laminado y con precorte para mayor rendimiento.\" \/>\n<meta name=\"robots\" content=\"index, follow, max-snippet:-1, max-image-preview:large, max-video-preview:-1\" \/>\n<link rel=\"canonical\" href=\"https:\/\/aquacord.com.co\/index.php\/product\/paca-papel-higienico-hotelero-x-18\/\" \/>\n<meta property=\"og:locale\" content=\"es_ES\" \/>\n<meta property=\"og:type\" content=\"article\" \/>\n<meta property=\"og:title\" content=\"PACA PAPEL HIGIENICO HOTELERO X 18 -\" \/>\n<meta property=\"og:description\" content=\"PACA PAPEL HIGIENICO HOTELERO X 18 El papel higi\u00e9nico (denominado tambi\u00e9n rollo higi\u00e9nico, papel de ba\u00f1o, papel sanitario, papel toilette, papel \u00edntimo o papel confort, seg\u00fan sea el pa\u00eds) es un tipo de papel delgado, que\u00a0se utiliza para el aseo \u00edntimo, tras el acto de la defecaci\u00f3n o de micci\u00f3n.Papel Higi\u00e9nico de dispensador en color blanco o natural, laminado y con precorte para mayor rendimiento.\" \/>\n<meta property=\"og:url\" content=\"https:\/\/aquacord.com.co\/index.php\/product\/paca-papel-higienico-hotelero-x-18\/\" \/>\n<meta property=\"article:modified_time\" content=\"2024-11-30T08:17:06+00:00\" \/>\n<meta property=\"og:image\" content=\"https:\/\/aquacord.com.co\/wp-content\/uploads\/2023\/04\/papel-higienico-el-rosal-plus-grande.jpg\" \/>\n\t<meta property=\"og:image:width\" content=\"452\" \/>\n\t<meta property=\"og:image:height\" content=\"584\" \/>\n\t<meta property=\"og:image:type\" content=\"image\/jpeg\" \/>\n<meta name=\"twitter:card\" content=\"summary_large_image\" \/>\n<meta name=\"twitter:label1\" content=\"Tiempo estimado de lectura\" \/>\n\t<meta name=\"twitter:data1\" content=\"1 minuto\" \/>\n<script type=\"application\/ld+json\" class=\"yoast-schema-graph\">{\"@context\":\"https:\/\/schema.org\",\"@graph\":[{\"@type\":\"WebPage\",\"@id\":\"https:\/\/aquacord.com.co\/index.php\/product\/paca-papel-higienico-hotelero-x-18\/\",\"url\":\"https:\/\/aquacord.com.co\/index.php\/product\/paca-papel-higienico-hotelero-x-18\/\",\"name\":\"PACA PAPEL HIGIENICO HOTELERO X 18 -\",\"isPartOf\":{\"@id\":\"https:\/\/aquacord.com.co\/#website\"},\"datePublished\":\"2023-04-17T21:10:47+00:00\",\"dateModified\":\"2024-11-30T08:17:06+00:00\",\"description\":\"PACA PAPEL HIGIENICO HOTELERO X 18 El papel higi\u00e9nico (denominado tambi\u00e9n rollo higi\u00e9nico, papel de ba\u00f1o, papel sanitario, papel toilette, papel \u00edntimo o papel confort, seg\u00fan sea el pa\u00eds) es un tipo de papel delgado, que\u00a0se utiliza para el aseo \u00edntimo, tras el acto de la defecaci\u00f3n o de micci\u00f3n.Papel Higi\u00e9nico de dispensador en color blanco o natural, laminado y con precorte para mayor rendimiento.\",\"breadcrumb\":{\"@id\":\"https:\/\/aquacord.com.co\/index.php\/product\/paca-papel-higienico-hotelero-x-18\/#breadcrumb\"},\"inLanguage\":\"es-CO\",\"potentialAction\":[{\"@type\":\"ReadAction\",\"target\":[\"https:\/\/aquacord.com.co\/index.php\/product\/paca-papel-higienico-hotelero-x-18\/\"]}]},{\"@type\":\"BreadcrumbList\",\"@id\":\"https:\/\/aquacord.com.co\/index.php\/product\/paca-papel-higienico-hotelero-x-18\/#breadcrumb\",\"itemListElement\":[{\"@type\":\"ListItem\",\"position\":1,\"name\":\"Inicio\",\"item\":\"https:\/\/aquacord.com.co\/\"},{\"@type\":\"ListItem\",\"position\":2,\"name\":\"Tienda\",\"item\":\"https:\/\/aquacord.com.co\/index.php\/tienda\/\"},{\"@type\":\"ListItem\",\"position\":3,\"name\":\"PACA PAPEL HIGIENICO HOTELERO X 18\"}]},{\"@type\":\"WebSite\",\"@id\":\"https:\/\/aquacord.com.co\/#website\",\"url\":\"https:\/\/aquacord.com.co\/\",\"name\":\"\",\"description\":\"Todo lo relacionado en productos qu\u00edmicos, accesorios, equipos para piscinas y el aseo de tu hogar e empresas\",\"potentialAction\":[{\"@type\":\"SearchAction\",\"target\":{\"@type\":\"EntryPoint\",\"urlTemplate\":\"https:\/\/aquacord.com.co\/?s={search_term_string}\"},\"query-input\":\"required name=search_term_string\"}],\"inLanguage\":\"es-CO\"}]}<\/script>\n<!-- \/ Yoast SEO plugin. -->","yoast_head_json":{"title":"PACA PAPEL HIGIENICO HOTELERO X 18 -","description":"PACA PAPEL HIGIENICO HOTELERO X 18 El papel higi\u00e9nico (denominado tambi\u00e9n rollo higi\u00e9nico, papel de ba\u00f1o, papel sanitario, papel toilette, papel \u00edntimo o papel confort, seg\u00fan sea el pa\u00eds) es un tipo de papel delgado, que\u00a0se utiliza para el aseo \u00edntimo, tras el acto de la defecaci\u00f3n o de micci\u00f3n.Papel Higi\u00e9nico de dispensador en color blanco o natural, laminado y con precorte para mayor rendimiento.","robots":{"index":"index","follow":"follow","max-snippet":"max-snippet:-1","max-image-preview":"max-image-preview:large","max-video-preview":"max-video-preview:-1"},"canonical":"https:\/\/aquacord.com.co\/index.php\/product\/paca-papel-higienico-hotelero-x-18\/","og_locale":"es_ES","og_type":"article","og_title":"PACA PAPEL HIGIENICO HOTELERO X 18 -","og_description":"PACA PAPEL HIGIENICO HOTELERO X 18 El papel higi\u00e9nico (denominado tambi\u00e9n rollo higi\u00e9nico, papel de ba\u00f1o, papel sanitario, papel toilette, papel \u00edntimo o papel confort, seg\u00fan sea el pa\u00eds) es un tipo de papel delgado, que\u00a0se utiliza para el aseo \u00edntimo, tras el acto de la defecaci\u00f3n o de micci\u00f3n.Papel Higi\u00e9nico de dispensador en color blanco o natural, laminado y con precorte para mayor rendimiento.","og_url":"https:\/\/aquacord.com.co\/index.php\/product\/paca-papel-higienico-hotelero-x-18\/","article_modified_time":"2024-11-30T08:17:06+00:00","og_image":[{"width":452,"height":584,"url":"https:\/\/aquacord.com.co\/wp-content\/uploads\/2023\/04\/papel-higienico-el-rosal-plus-grande.jpg","type":"image\/jpeg"}],"twitter_card":"summary_large_image","twitter_misc":{"Tiempo estimado de lectura":"1 minuto"},"schema":{"@context":"https:\/\/schema.org","@graph":[{"@type":"WebPage","@id":"https:\/\/aquacord.com.co\/index.php\/product\/paca-papel-higienico-hotelero-x-18\/","url":"https:\/\/aquacord.com.co\/index.php\/product\/paca-papel-higienico-hotelero-x-18\/","name":"PACA PAPEL HIGIENICO HOTELERO X 18 -","isPartOf":{"@id":"https:\/\/aquacord.com.co\/#website"},"datePublished":"2023-04-17T21:10:47+00:00","dateModified":"2024-11-30T08:17:06+00:00","description":"PACA PAPEL HIGIENICO HOTELERO X 18 El papel higi\u00e9nico (denominado tambi\u00e9n rollo higi\u00e9nico, papel de ba\u00f1o, papel sanitario, papel toilette, papel \u00edntimo o papel confort, seg\u00fan sea el pa\u00eds) es un tipo de papel delgado, que\u00a0se utiliza para el aseo \u00edntimo, tras el acto de la defecaci\u00f3n o de micci\u00f3n.Papel Higi\u00e9nico de dispensador en color blanco o natural, laminado y con precorte para mayor rendimiento.","breadcrumb":{"@id":"https:\/\/aquacord.com.co\/index.php\/product\/paca-papel-higienico-hotelero-x-18\/#breadcrumb"},"inLanguage":"es-CO","potentialAction":[{"@type":"ReadAction","target":["https:\/\/aquacord.com.co\/index.php\/product\/paca-papel-higienico-hotelero-x-18\/"]}]},{"@type":"BreadcrumbList","@id":"https:\/\/aquacord.com.co\/index.php\/product\/paca-papel-higienico-hotelero-x-18\/#breadcrumb","itemListElement":[{"@type":"ListItem","position":1,"name":"Inicio","item":"https:\/\/aquacord.com.co\/"},{"@type":"ListItem","position":2,"name":"Tienda","item":"https:\/\/aquacord.com.co\/index.php\/tienda\/"},{"@type":"ListItem","position":3,"name":"PACA PAPEL HIGIENICO HOTELERO X 18"}]},{"@type":"WebSite","@id":"https:\/\/aquacord.com.co\/#website","url":"https:\/\/aquacord.com.co\/","name":"","description":"Todo lo relacionado en productos qu\u00edmicos, accesorios, equipos para piscinas y el aseo de tu hogar e empresas","potentialAction":[{"@type":"SearchAction","target":{"@type":"EntryPoint","urlTemplate":"https:\/\/aquacord.com.co\/?s={search_term_string}"},"query-input":"required name=search_term_string"}],"inLanguage":"es-CO"}]}},"_links":{"self":[{"href":"https:\/\/aquacord.com.co\/index.php\/wp-json\/wp\/v2\/product\/3561"}],"collection":[{"href":"https:\/\/aquacord.com.co\/index.php\/wp-json\/wp\/v2\/product"}],"about":[{"href":"https:\/\/aquacord.com.co\/index.php\/wp-json\/wp\/v2\/types\/product"}],"replies":[{"embeddable":true,"href":"https:\/\/aquacord.com.co\/index.php\/wp-json\/wp\/v2\/comments?post=3561"}],"version-history":[{"count":1,"href":"https:\/\/aquacord.com.co\/index.php\/wp-json\/wp\/v2\/product\/3561\/revisions"}],"predecessor-version":[{"id":4524,"href":"https:\/\/aquacord.com.co\/index.php\/wp-json\/wp\/v2\/product\/3561\/revisions\/4524"}],"wp:featuredmedia":[{"embeddable":true,"href":"https:\/\/aquacord.com.co\/index.php\/wp-json\/wp\/v2\/media\/3563"}],"wp:attachment":[{"href":"https:\/\/aquacord.com.co\/index.php\/wp-json\/wp\/v2\/media?parent=3561"}],"wp:term":[{"taxonomy":"product_cat","embeddable":true,"href":"https:\/\/aquacord.com.co\/index.php\/wp-json\/wp\/v2\/product_cat?post=3561"},{"taxonomy":"product_tag","embeddable":true,"href":"https:\/\/aquacord.com.co\/index.php\/wp-json\/wp\/v2\/product_tag?post=3561"}],"curies":[{"name":"wp","href":"https:\/\/api.w.org\/{rel}","templated":true}]}}