{"id":4182,"date":"2023-05-17T15:10:37","date_gmt":"2023-05-17T15:10:37","guid":{"rendered":"https:\/\/aquacord.com.co\/?post_type=product&#038;p=4182"},"modified":"2024-07-19T19:52:17","modified_gmt":"2024-07-19T19:52:17","slug":"guante-nitrilo-largo-talla-9","status":"publish","type":"product","link":"https:\/\/aquacord.com.co\/index.php\/product\/guante-nitrilo-largo-talla-9\/","title":{"rendered":"GUANTE NITRILO LARGO TALLA 9"},"content":{"rendered":"<p>GUANTE NITRILO, elaborados 100 % en nitrilo, m\u00e1xima resistencia para alto desempe\u00f1o, labrado especial en palma y dedos para \u00f3ptimo agarre, satinados, suaves y flexibles, calibre parejo desde la punta de los dedos hasta el orillo, sin afelpado en su interior, dise\u00f1o anat\u00f3mico y forma curva en los dedos para un ajuste perfecto, protege las manos durante labores exigentes en la industria petroqu\u00edmica, automotriz, artes gr\u00e1ficas e industria en general, ideales para el manejo de sustancias qu\u00edmicas.<\/p>\n","protected":false},"excerpt":{"rendered":"<p>GUANTE NITRILO, elaborados 100 % en nitrilo, m\u00e1xima resistencia para alto desempe\u00f1o, labrado especial en palma y dedos para \u00f3ptimo agarre, satinados, suaves y flexibles, calibre parejo desde la punta de los dedos hasta el orillo, sin afelpado en su interior, dise\u00f1o anat\u00f3mico y forma curva en los dedos para un ajuste perfecto, protege las &hellip;<\/p>\n<p class=\"read-more\"> <a class=\"\" href=\"https:\/\/aquacord.com.co\/index.php\/product\/guante-nitrilo-largo-talla-9\/\"> <span class=\"screen-reader-text\">GUANTE NITRILO LARGO TALLA 9<\/span> Leer m\u00e1s &raquo;<\/a><\/p>\n","protected":false},"featured_media":4225,"comment_status":"open","ping_status":"closed","template":"","meta":{"site-sidebar-layout":"default","site-content-layout":"default","ast-global-header-display":"","ast-main-header-display":"","ast-hfb-above-header-display":"","ast-hfb-below-header-display":"","ast-hfb-mobile-header-display":"","site-post-title":"","ast-breadcrumbs-content":"","ast-featured-img":"","footer-sml-layout":"","theme-transparent-header-meta":"default","adv-header-id-meta":"","stick-header-meta":"","header-above-stick-meta":"","header-main-stick-meta":"","header-below-stick-meta":""},"product_cat":[18,53],"product_tag":[],"yoast_head":"<!-- This site is optimized with the Yoast SEO plugin v20.1 - https:\/\/yoast.com\/wordpress\/plugins\/seo\/ -->\n<title>GUANTE NITRILO LARGO TALLA 9 -<\/title>\n<meta name=\"description\" content=\"GUANTES NITRILO, Guantes elaborados 100 % en nitrilo, m\u00e1xima resistencia para alto desempe\u00f1o, labrado especial en palma y dedos para \u00f3ptimo agarre\" \/>\n<meta name=\"robots\" content=\"index, follow, max-snippet:-1, max-image-preview:large, max-video-preview:-1\" \/>\n<link rel=\"canonical\" href=\"https:\/\/aquacord.com.co\/index.php\/product\/guante-nitrilo-largo-talla-9\/\" \/>\n<meta property=\"og:locale\" content=\"es_ES\" \/>\n<meta property=\"og:type\" content=\"article\" \/>\n<meta property=\"og:title\" content=\"GUANTE NITRILO LARGO TALLA 9 -\" \/>\n<meta property=\"og:description\" content=\"GUANTES NITRILO, Guantes elaborados 100 % en nitrilo, m\u00e1xima resistencia para alto desempe\u00f1o, labrado especial en palma y dedos para \u00f3ptimo agarre\" \/>\n<meta property=\"og:url\" content=\"https:\/\/aquacord.com.co\/index.php\/product\/guante-nitrilo-largo-talla-9\/\" \/>\n<meta property=\"article:modified_time\" content=\"2024-07-19T19:52:17+00:00\" \/>\n<meta property=\"og:image\" content=\"https:\/\/aquacord.com.co\/wp-content\/uploads\/2023\/05\/GUANTE-DE-NITRILO-LARGO-SIN-FLOCK-PROTEXION-1-1-1.jpg\" \/>\n\t<meta property=\"og:image:width\" content=\"2200\" \/>\n\t<meta property=\"og:image:height\" content=\"2200\" \/>\n\t<meta property=\"og:image:type\" content=\"image\/jpeg\" \/>\n<meta name=\"twitter:card\" content=\"summary_large_image\" \/>\n<meta name=\"twitter:label1\" content=\"Tiempo estimado de lectura\" \/>\n\t<meta name=\"twitter:data1\" content=\"1 minuto\" \/>\n<script type=\"application\/ld+json\" class=\"yoast-schema-graph\">{\"@context\":\"https:\/\/schema.org\",\"@graph\":[{\"@type\":\"WebPage\",\"@id\":\"https:\/\/aquacord.com.co\/index.php\/product\/guante-nitrilo-largo-talla-9\/\",\"url\":\"https:\/\/aquacord.com.co\/index.php\/product\/guante-nitrilo-largo-talla-9\/\",\"name\":\"GUANTE NITRILO LARGO TALLA 9 -\",\"isPartOf\":{\"@id\":\"https:\/\/aquacord.com.co\/#website\"},\"datePublished\":\"2023-05-17T15:10:37+00:00\",\"dateModified\":\"2024-07-19T19:52:17+00:00\",\"description\":\"GUANTES NITRILO, Guantes elaborados 100 % en nitrilo, m\u00e1xima resistencia para alto desempe\u00f1o, labrado especial en palma y dedos para \u00f3ptimo agarre\",\"breadcrumb\":{\"@id\":\"https:\/\/aquacord.com.co\/index.php\/product\/guante-nitrilo-largo-talla-9\/#breadcrumb\"},\"inLanguage\":\"es-CO\",\"potentialAction\":[{\"@type\":\"ReadAction\",\"target\":[\"https:\/\/aquacord.com.co\/index.php\/product\/guante-nitrilo-largo-talla-9\/\"]}]},{\"@type\":\"BreadcrumbList\",\"@id\":\"https:\/\/aquacord.com.co\/index.php\/product\/guante-nitrilo-largo-talla-9\/#breadcrumb\",\"itemListElement\":[{\"@type\":\"ListItem\",\"position\":1,\"name\":\"Inicio\",\"item\":\"https:\/\/aquacord.com.co\/\"},{\"@type\":\"ListItem\",\"position\":2,\"name\":\"Tienda\",\"item\":\"https:\/\/aquacord.com.co\/index.php\/tienda\/\"},{\"@type\":\"ListItem\",\"position\":3,\"name\":\"GUANTE NITRILO LARGO TALLA 9\"}]},{\"@type\":\"WebSite\",\"@id\":\"https:\/\/aquacord.com.co\/#website\",\"url\":\"https:\/\/aquacord.com.co\/\",\"name\":\"\",\"description\":\"Todo lo relacionado en productos qu\u00edmicos, accesorios, equipos para piscinas y el aseo de tu hogar e empresas\",\"potentialAction\":[{\"@type\":\"SearchAction\",\"target\":{\"@type\":\"EntryPoint\",\"urlTemplate\":\"https:\/\/aquacord.com.co\/?s={search_term_string}\"},\"query-input\":\"required name=search_term_string\"}],\"inLanguage\":\"es-CO\"}]}<\/script>\n<!-- \/ Yoast SEO plugin. -->","yoast_head_json":{"title":"GUANTE NITRILO LARGO TALLA 9 -","description":"GUANTES NITRILO, Guantes elaborados 100 % en nitrilo, m\u00e1xima resistencia para alto desempe\u00f1o, labrado especial en palma y dedos para \u00f3ptimo agarre","robots":{"index":"index","follow":"follow","max-snippet":"max-snippet:-1","max-image-preview":"max-image-preview:large","max-video-preview":"max-video-preview:-1"},"canonical":"https:\/\/aquacord.com.co\/index.php\/product\/guante-nitrilo-largo-talla-9\/","og_locale":"es_ES","og_type":"article","og_title":"GUANTE NITRILO LARGO TALLA 9 -","og_description":"GUANTES NITRILO, Guantes elaborados 100 % en nitrilo, m\u00e1xima resistencia para alto desempe\u00f1o, labrado especial en palma y dedos para \u00f3ptimo agarre","og_url":"https:\/\/aquacord.com.co\/index.php\/product\/guante-nitrilo-largo-talla-9\/","article_modified_time":"2024-07-19T19:52:17+00:00","og_image":[{"width":2200,"height":2200,"url":"https:\/\/aquacord.com.co\/wp-content\/uploads\/2023\/05\/GUANTE-DE-NITRILO-LARGO-SIN-FLOCK-PROTEXION-1-1-1.jpg","type":"image\/jpeg"}],"twitter_card":"summary_large_image","twitter_misc":{"Tiempo estimado de lectura":"1 minuto"},"schema":{"@context":"https:\/\/schema.org","@graph":[{"@type":"WebPage","@id":"https:\/\/aquacord.com.co\/index.php\/product\/guante-nitrilo-largo-talla-9\/","url":"https:\/\/aquacord.com.co\/index.php\/product\/guante-nitrilo-largo-talla-9\/","name":"GUANTE NITRILO LARGO TALLA 9 -","isPartOf":{"@id":"https:\/\/aquacord.com.co\/#website"},"datePublished":"2023-05-17T15:10:37+00:00","dateModified":"2024-07-19T19:52:17+00:00","description":"GUANTES NITRILO, Guantes elaborados 100 % en nitrilo, m\u00e1xima resistencia para alto desempe\u00f1o, labrado especial en palma y dedos para \u00f3ptimo agarre","breadcrumb":{"@id":"https:\/\/aquacord.com.co\/index.php\/product\/guante-nitrilo-largo-talla-9\/#breadcrumb"},"inLanguage":"es-CO","potentialAction":[{"@type":"ReadAction","target":["https:\/\/aquacord.com.co\/index.php\/product\/guante-nitrilo-largo-talla-9\/"]}]},{"@type":"BreadcrumbList","@id":"https:\/\/aquacord.com.co\/index.php\/product\/guante-nitrilo-largo-talla-9\/#breadcrumb","itemListElement":[{"@type":"ListItem","position":1,"name":"Inicio","item":"https:\/\/aquacord.com.co\/"},{"@type":"ListItem","position":2,"name":"Tienda","item":"https:\/\/aquacord.com.co\/index.php\/tienda\/"},{"@type":"ListItem","position":3,"name":"GUANTE NITRILO LARGO TALLA 9"}]},{"@type":"WebSite","@id":"https:\/\/aquacord.com.co\/#website","url":"https:\/\/aquacord.com.co\/","name":"","description":"Todo lo relacionado en productos qu\u00edmicos, accesorios, equipos para piscinas y el aseo de tu hogar e empresas","potentialAction":[{"@type":"SearchAction","target":{"@type":"EntryPoint","urlTemplate":"https:\/\/aquacord.com.co\/?s={search_term_string}"},"query-input":"required name=search_term_string"}],"inLanguage":"es-CO"}]}},"_links":{"self":[{"href":"https:\/\/aquacord.com.co\/index.php\/wp-json\/wp\/v2\/product\/4182"}],"collection":[{"href":"https:\/\/aquacord.com.co\/index.php\/wp-json\/wp\/v2\/product"}],"about":[{"href":"https:\/\/aquacord.com.co\/index.php\/wp-json\/wp\/v2\/types\/product"}],"replies":[{"embeddable":true,"href":"https:\/\/aquacord.com.co\/index.php\/wp-json\/wp\/v2\/comments?post=4182"}],"version-history":[{"count":1,"href":"https:\/\/aquacord.com.co\/index.php\/wp-json\/wp\/v2\/product\/4182\/revisions"}],"predecessor-version":[{"id":4183,"href":"https:\/\/aquacord.com.co\/index.php\/wp-json\/wp\/v2\/product\/4182\/revisions\/4183"}],"wp:featuredmedia":[{"embeddable":true,"href":"https:\/\/aquacord.com.co\/index.php\/wp-json\/wp\/v2\/media\/4225"}],"wp:attachment":[{"href":"https:\/\/aquacord.com.co\/index.php\/wp-json\/wp\/v2\/media?parent=4182"}],"wp:term":[{"taxonomy":"product_cat","embeddable":true,"href":"https:\/\/aquacord.com.co\/index.php\/wp-json\/wp\/v2\/product_cat?post=4182"},{"taxonomy":"product_tag","embeddable":true,"href":"https:\/\/aquacord.com.co\/index.php\/wp-json\/wp\/v2\/product_tag?post=4182"}],"curies":[{"name":"wp","href":"https:\/\/api.w.org\/{rel}","templated":true}]}}