{"id":4399,"date":"2023-06-07T13:26:47","date_gmt":"2023-06-07T13:26:47","guid":{"rendered":"https:\/\/aquacord.com.co\/?post_type=product&#038;p=4399"},"modified":"2023-06-17T15:27:01","modified_gmt":"2023-06-17T15:27:01","slug":"dispensador-de-cloro-flotante-grande","status":"publish","type":"product","link":"https:\/\/aquacord.com.co\/index.php\/product\/dispensador-de-cloro-flotante-grande\/","title":{"rendered":"FLOTADOR DOSIFICADOR PASTILLAS GRANDE"},"content":{"rendered":"<p>El\u00a0<strong>dosificador flotante de cloro para piscinas<\/strong>\u00a0es el producto que buscas si necesitas hacer una\u00a0<strong>cloraci\u00f3n del agua<\/strong>, una tarea habitual en las piscinas que incluye, entre otras cosas, la acci\u00f3n de medir el cloro.<\/p>\n<p>Realizar la\u00a0<strong>cloraci\u00f3n<\/strong>\u00a0de la piscina\u00a0es un tratamiento indispensable para mantenerla en perfectas condiciones.<\/p>\n<ul>\n<li>DOSIFICADOR GRANDE FLOTANTE de cloro con capacidad de 13- 15 pastillas de hasta 200g. Admite tabletas con un di\u00e1metro m\u00e1ximo de 7,6 cm.Dispone de tapa con seguridad de cierre para evitar que el producto qu\u00edmico se vierta. Medidas: 21.5x25x25cm<\/li>\n<\/ul>\n<p>&nbsp;<\/p>\n","protected":false},"excerpt":{"rendered":"<p>El\u00a0dosificador flotante de cloro para piscinas\u00a0es el producto que buscas si necesitas hacer una\u00a0cloraci\u00f3n del agua, una tarea habitual en las piscinas que incluye, entre otras cosas, la acci\u00f3n de medir el cloro. Realizar la\u00a0cloraci\u00f3n\u00a0de la piscina\u00a0es un tratamiento indispensable para mantenerla en perfectas condiciones. DOSIFICADOR GRANDE FLOTANTE de cloro con capacidad de 13- 15 &hellip;<\/p>\n<p class=\"read-more\"> <a class=\"\" href=\"https:\/\/aquacord.com.co\/index.php\/product\/dispensador-de-cloro-flotante-grande\/\"> <span class=\"screen-reader-text\">FLOTADOR DOSIFICADOR PASTILLAS GRANDE<\/span> Leer m\u00e1s &raquo;<\/a><\/p>\n","protected":false},"featured_media":4401,"comment_status":"open","ping_status":"closed","template":"","meta":{"site-sidebar-layout":"default","site-content-layout":"default","ast-global-header-display":"","ast-main-header-display":"","ast-hfb-above-header-display":"","ast-hfb-below-header-display":"","ast-hfb-mobile-header-display":"","site-post-title":"","ast-breadcrumbs-content":"","ast-featured-img":"","footer-sml-layout":"","theme-transparent-header-meta":"default","adv-header-id-meta":"","stick-header-meta":"","header-above-stick-meta":"","header-main-stick-meta":"","header-below-stick-meta":""},"product_cat":[20,30],"product_tag":[],"yoast_head":"<!-- This site is optimized with the Yoast SEO plugin v20.1 - https:\/\/yoast.com\/wordpress\/plugins\/seo\/ -->\n<title>FLOTADOR DOSIFICADOR PASTILLAS GRANDE -<\/title>\n<meta name=\"description\" content=\"FLOTADOR DOSIFICADOR, flotante de cloro para piscinas\u00a0es el producto que buscas si necesitas hacer una\u00a0cloraci\u00f3n del agua, una tarea habitual en las piscinas que incluye, entre otras cosas, la acci\u00f3n de medir el cloro.\" \/>\n<meta name=\"robots\" content=\"index, follow, max-snippet:-1, max-image-preview:large, max-video-preview:-1\" \/>\n<link rel=\"canonical\" href=\"https:\/\/aquacord.com.co\/index.php\/product\/dispensador-de-cloro-flotante-grande\/\" \/>\n<meta property=\"og:locale\" content=\"es_ES\" \/>\n<meta property=\"og:type\" content=\"article\" \/>\n<meta property=\"og:title\" content=\"FLOTADOR DOSIFICADOR PASTILLAS GRANDE -\" \/>\n<meta property=\"og:description\" content=\"FLOTADOR DOSIFICADOR, flotante de cloro para piscinas\u00a0es el producto que buscas si necesitas hacer una\u00a0cloraci\u00f3n del agua, una tarea habitual en las piscinas que incluye, entre otras cosas, la acci\u00f3n de medir el cloro.\" \/>\n<meta property=\"og:url\" content=\"https:\/\/aquacord.com.co\/index.php\/product\/dispensador-de-cloro-flotante-grande\/\" \/>\n<meta property=\"article:modified_time\" content=\"2023-06-17T15:27:01+00:00\" \/>\n<meta property=\"og:image\" content=\"https:\/\/aquacord.com.co\/wp-content\/uploads\/2023\/06\/WhatsApp_Image_2023-06-07_at_8.12.01_AM__1_-removebg-preview.png\" \/>\n\t<meta property=\"og:image:width\" content=\"433\" \/>\n\t<meta property=\"og:image:height\" content=\"577\" \/>\n\t<meta property=\"og:image:type\" content=\"image\/png\" \/>\n<meta name=\"twitter:card\" content=\"summary_large_image\" \/>\n<meta name=\"twitter:label1\" content=\"Tiempo estimado de lectura\" \/>\n\t<meta name=\"twitter:data1\" content=\"1 minuto\" \/>\n<script type=\"application\/ld+json\" class=\"yoast-schema-graph\">{\"@context\":\"https:\/\/schema.org\",\"@graph\":[{\"@type\":\"WebPage\",\"@id\":\"https:\/\/aquacord.com.co\/index.php\/product\/dispensador-de-cloro-flotante-grande\/\",\"url\":\"https:\/\/aquacord.com.co\/index.php\/product\/dispensador-de-cloro-flotante-grande\/\",\"name\":\"FLOTADOR DOSIFICADOR PASTILLAS GRANDE -\",\"isPartOf\":{\"@id\":\"https:\/\/aquacord.com.co\/#website\"},\"datePublished\":\"2023-06-07T13:26:47+00:00\",\"dateModified\":\"2023-06-17T15:27:01+00:00\",\"description\":\"FLOTADOR DOSIFICADOR, flotante de cloro para piscinas\u00a0es el producto que buscas si necesitas hacer una\u00a0cloraci\u00f3n del agua, una tarea habitual en las piscinas que incluye, entre otras cosas, la acci\u00f3n de medir el cloro.\",\"breadcrumb\":{\"@id\":\"https:\/\/aquacord.com.co\/index.php\/product\/dispensador-de-cloro-flotante-grande\/#breadcrumb\"},\"inLanguage\":\"es-CO\",\"potentialAction\":[{\"@type\":\"ReadAction\",\"target\":[\"https:\/\/aquacord.com.co\/index.php\/product\/dispensador-de-cloro-flotante-grande\/\"]}]},{\"@type\":\"BreadcrumbList\",\"@id\":\"https:\/\/aquacord.com.co\/index.php\/product\/dispensador-de-cloro-flotante-grande\/#breadcrumb\",\"itemListElement\":[{\"@type\":\"ListItem\",\"position\":1,\"name\":\"Inicio\",\"item\":\"https:\/\/aquacord.com.co\/\"},{\"@type\":\"ListItem\",\"position\":2,\"name\":\"Tienda\",\"item\":\"https:\/\/aquacord.com.co\/index.php\/tienda\/\"},{\"@type\":\"ListItem\",\"position\":3,\"name\":\"FLOTADOR DOSIFICADOR PASTILLAS GRANDE\"}]},{\"@type\":\"WebSite\",\"@id\":\"https:\/\/aquacord.com.co\/#website\",\"url\":\"https:\/\/aquacord.com.co\/\",\"name\":\"\",\"description\":\"Todo lo relacionado en productos qu\u00edmicos, accesorios, equipos para piscinas y el aseo de tu hogar e empresas\",\"potentialAction\":[{\"@type\":\"SearchAction\",\"target\":{\"@type\":\"EntryPoint\",\"urlTemplate\":\"https:\/\/aquacord.com.co\/?s={search_term_string}\"},\"query-input\":\"required name=search_term_string\"}],\"inLanguage\":\"es-CO\"}]}<\/script>\n<!-- \/ Yoast SEO plugin. -->","yoast_head_json":{"title":"FLOTADOR DOSIFICADOR PASTILLAS GRANDE -","description":"FLOTADOR DOSIFICADOR, flotante de cloro para piscinas\u00a0es el producto que buscas si necesitas hacer una\u00a0cloraci\u00f3n del agua, una tarea habitual en las piscinas que incluye, entre otras cosas, la acci\u00f3n de medir el cloro.","robots":{"index":"index","follow":"follow","max-snippet":"max-snippet:-1","max-image-preview":"max-image-preview:large","max-video-preview":"max-video-preview:-1"},"canonical":"https:\/\/aquacord.com.co\/index.php\/product\/dispensador-de-cloro-flotante-grande\/","og_locale":"es_ES","og_type":"article","og_title":"FLOTADOR DOSIFICADOR PASTILLAS GRANDE -","og_description":"FLOTADOR DOSIFICADOR, flotante de cloro para piscinas\u00a0es el producto que buscas si necesitas hacer una\u00a0cloraci\u00f3n del agua, una tarea habitual en las piscinas que incluye, entre otras cosas, la acci\u00f3n de medir el cloro.","og_url":"https:\/\/aquacord.com.co\/index.php\/product\/dispensador-de-cloro-flotante-grande\/","article_modified_time":"2023-06-17T15:27:01+00:00","og_image":[{"width":433,"height":577,"url":"https:\/\/aquacord.com.co\/wp-content\/uploads\/2023\/06\/WhatsApp_Image_2023-06-07_at_8.12.01_AM__1_-removebg-preview.png","type":"image\/png"}],"twitter_card":"summary_large_image","twitter_misc":{"Tiempo estimado de lectura":"1 minuto"},"schema":{"@context":"https:\/\/schema.org","@graph":[{"@type":"WebPage","@id":"https:\/\/aquacord.com.co\/index.php\/product\/dispensador-de-cloro-flotante-grande\/","url":"https:\/\/aquacord.com.co\/index.php\/product\/dispensador-de-cloro-flotante-grande\/","name":"FLOTADOR DOSIFICADOR PASTILLAS GRANDE -","isPartOf":{"@id":"https:\/\/aquacord.com.co\/#website"},"datePublished":"2023-06-07T13:26:47+00:00","dateModified":"2023-06-17T15:27:01+00:00","description":"FLOTADOR DOSIFICADOR, flotante de cloro para piscinas\u00a0es el producto que buscas si necesitas hacer una\u00a0cloraci\u00f3n del agua, una tarea habitual en las piscinas que incluye, entre otras cosas, la acci\u00f3n de medir el cloro.","breadcrumb":{"@id":"https:\/\/aquacord.com.co\/index.php\/product\/dispensador-de-cloro-flotante-grande\/#breadcrumb"},"inLanguage":"es-CO","potentialAction":[{"@type":"ReadAction","target":["https:\/\/aquacord.com.co\/index.php\/product\/dispensador-de-cloro-flotante-grande\/"]}]},{"@type":"BreadcrumbList","@id":"https:\/\/aquacord.com.co\/index.php\/product\/dispensador-de-cloro-flotante-grande\/#breadcrumb","itemListElement":[{"@type":"ListItem","position":1,"name":"Inicio","item":"https:\/\/aquacord.com.co\/"},{"@type":"ListItem","position":2,"name":"Tienda","item":"https:\/\/aquacord.com.co\/index.php\/tienda\/"},{"@type":"ListItem","position":3,"name":"FLOTADOR DOSIFICADOR PASTILLAS GRANDE"}]},{"@type":"WebSite","@id":"https:\/\/aquacord.com.co\/#website","url":"https:\/\/aquacord.com.co\/","name":"","description":"Todo lo relacionado en productos qu\u00edmicos, accesorios, equipos para piscinas y el aseo de tu hogar e empresas","potentialAction":[{"@type":"SearchAction","target":{"@type":"EntryPoint","urlTemplate":"https:\/\/aquacord.com.co\/?s={search_term_string}"},"query-input":"required name=search_term_string"}],"inLanguage":"es-CO"}]}},"_links":{"self":[{"href":"https:\/\/aquacord.com.co\/index.php\/wp-json\/wp\/v2\/product\/4399"}],"collection":[{"href":"https:\/\/aquacord.com.co\/index.php\/wp-json\/wp\/v2\/product"}],"about":[{"href":"https:\/\/aquacord.com.co\/index.php\/wp-json\/wp\/v2\/types\/product"}],"replies":[{"embeddable":true,"href":"https:\/\/aquacord.com.co\/index.php\/wp-json\/wp\/v2\/comments?post=4399"}],"version-history":[{"count":3,"href":"https:\/\/aquacord.com.co\/index.php\/wp-json\/wp\/v2\/product\/4399\/revisions"}],"predecessor-version":[{"id":4475,"href":"https:\/\/aquacord.com.co\/index.php\/wp-json\/wp\/v2\/product\/4399\/revisions\/4475"}],"wp:featuredmedia":[{"embeddable":true,"href":"https:\/\/aquacord.com.co\/index.php\/wp-json\/wp\/v2\/media\/4401"}],"wp:attachment":[{"href":"https:\/\/aquacord.com.co\/index.php\/wp-json\/wp\/v2\/media?parent=4399"}],"wp:term":[{"taxonomy":"product_cat","embeddable":true,"href":"https:\/\/aquacord.com.co\/index.php\/wp-json\/wp\/v2\/product_cat?post=4399"},{"taxonomy":"product_tag","embeddable":true,"href":"https:\/\/aquacord.com.co\/index.php\/wp-json\/wp\/v2\/product_tag?post=4399"}],"curies":[{"name":"wp","href":"https:\/\/api.w.org\/{rel}","templated":true}]}}