{"id":4913,"date":"2024-04-24T21:00:14","date_gmt":"2024-04-24T21:00:14","guid":{"rendered":"https:\/\/aquacord.com.co\/?post_type=product&#038;p=4913"},"modified":"2026-01-20T01:37:54","modified_gmt":"2026-01-20T01:37:54","slug":"oba-pool-hipoclorito-de-calcio-70","status":"publish","type":"product","link":"https:\/\/aquacord.com.co\/index.php\/product\/oba-pool-hipoclorito-de-calcio-70\/","title":{"rendered":"OBA POOL HIPOCLORITO DE CALCIO 70%"},"content":{"rendered":"<p>OBA POOL HIPOCLORITO DE CALCIO 70%,\u00a0 es el producto ideal para tratamiento de aguas potables. Debido a su gran capacidad soluble en el agua es efectivo contra agentes pat\u00f3genos como, bacterias, virus y hongos que afectan piscinas, acueductos y dem\u00e1s almacenamientos de agua pura. Presentacion: Bolsa x 1 KG, Tanque x 40 y 45 KG<\/p>\n<p><strong>MODO DE USO: <\/strong>Aplicar entre 5 y 7 gramos por metro c\u00fabico en piscinas residenciales o recreativas, aplicar 3 gramos por metro c\u00fabico en plantas de tratamiento de agua potable.<strong> PREVENCI\u00d3N: <\/strong>Mantener alejado del calor, superficies calientes, chispas llamas al descubierto y otras fuentes de ignici\u00f3n. No fumar. Usar guantes ropa de protecci\u00f3n \/ equipo de protecci\u00f3n para los ojos\/ la cara.<\/p>\n<p><strong>INTERVENCI\u00d3N: <\/strong>EN CASO DE INCENDIO: Utilizar agua en grandes cantidades para la extinci\u00f3n. EN CASO DE INGESTI\u00d3N: Enjuagar la boca. NO provocar el v\u00f3mito. EN CASO DE CONTACTO CON LA PIEL (o el pelo): Quitar inmediatamente toda la ropa contaminada. Enjuagar la piel con agua [o ducharse]. EN CASO DE INHALACI\u00d3N: Transportar a la persona al aire libre y mantenerla en una posici\u00f3n que le facilite la respiraci\u00f3n. EN CASO DE CONTACTO CON LOS OJOS: Enjuagar con agua cuidadosamente durante varios minutos. Quitar Tas lentes de contacto cuando est\u00e9n presentes y pueda hacerse con facilidad. Proseguir con el lavado.<strong> ALMACENAMIENTO: <\/strong>Guardar bajo llave. Almacenar en lugar bien ventilado. Mantener fresco. Almacenar en un recipiente resistente a la corrosi\u00f3n.<strong> ELIMINACI\u00d3N: <\/strong>Eliminar el contenido\/recipiente de acuerdo con la normativa sobre residuos peligrosos o envases y residuos de envases respectivamente.<\/p>\n<p><strong>PELIGRO: <\/strong>Sustancias que contribuyen a la clasificaci\u00f3n: Hipoclorito de calcio; Cloruro de sodio; Dihidroxido de calcio; Cloruro de calcio. <strong>INDICACIONES DE PELIGRO: <\/strong>Puede agravar un incendio; comburente. Provoca graves quemaduras en la piel y lesiones oculares- Puede irritar las v\u00edas respiratorias Nocivo en caso de ingesti\u00f3n. Muy t\u00f3xico para los organismos acu\u00e1ticos.<\/p>\n","protected":false},"excerpt":{"rendered":"<p>OBA POOL HIPOCLORITO DE CALCIO 70%,\u00a0 es el producto ideal para tratamiento de aguas potables. Debido a su gran capacidad soluble en el agua es efectivo contra agentes pat\u00f3genos como, bacterias, virus y hongos que afectan piscinas, acueductos y dem\u00e1s almacenamientos de agua pura. Presentacion: Bolsa x 1 KG, Tanque x 40 y 45 KG &hellip;<\/p>\n<p class=\"read-more\"> <a class=\"\" href=\"https:\/\/aquacord.com.co\/index.php\/product\/oba-pool-hipoclorito-de-calcio-70\/\"> <span class=\"screen-reader-text\">OBA POOL HIPOCLORITO DE CALCIO 70%<\/span> Leer m\u00e1s &raquo;<\/a><\/p>\n","protected":false},"featured_media":5753,"comment_status":"open","ping_status":"closed","template":"","meta":{"site-sidebar-layout":"default","site-content-layout":"default","ast-global-header-display":"","ast-main-header-display":"","ast-hfb-above-header-display":"","ast-hfb-below-header-display":"","ast-hfb-mobile-header-display":"","site-post-title":"","ast-breadcrumbs-content":"","ast-featured-img":"","footer-sml-layout":"","theme-transparent-header-meta":"default","adv-header-id-meta":"","stick-header-meta":"","header-above-stick-meta":"","header-main-stick-meta":"","header-below-stick-meta":""},"product_cat":[20,29],"product_tag":[],"yoast_head":"<!-- This site is optimized with the Yoast SEO plugin v20.1 - https:\/\/yoast.com\/wordpress\/plugins\/seo\/ -->\n<title>OBA POOL HIPOCLORITO DE CALCIO 70% -<\/title>\n<meta name=\"robots\" content=\"index, follow, max-snippet:-1, max-image-preview:large, max-video-preview:-1\" \/>\n<link rel=\"canonical\" href=\"https:\/\/aquacord.com.co\/index.php\/product\/oba-pool-hipoclorito-de-calcio-70\/\" \/>\n<meta property=\"og:locale\" content=\"es_ES\" \/>\n<meta property=\"og:type\" content=\"article\" \/>\n<meta property=\"og:title\" content=\"OBA POOL HIPOCLORITO DE CALCIO 70% -\" \/>\n<meta property=\"og:description\" content=\"OBA POOL HIPOCLORITO DE CALCIO 70%,\u00a0 es el producto ideal para tratamiento de aguas potables. Debido a su gran capacidad soluble en el agua es efectivo contra agentes pat\u00f3genos como, bacterias, virus y hongos que afectan piscinas, acueductos y dem\u00e1s almacenamientos de agua pura. Presentacion: Bolsa x 1 KG, Tanque x 40 y 45 KG &hellip; OBA POOL HIPOCLORITO DE CALCIO 70% Leer m\u00e1s &raquo;\" \/>\n<meta property=\"og:url\" content=\"https:\/\/aquacord.com.co\/index.php\/product\/oba-pool-hipoclorito-de-calcio-70\/\" \/>\n<meta property=\"article:modified_time\" content=\"2026-01-20T01:37:54+00:00\" \/>\n<meta property=\"og:image\" content=\"https:\/\/aquacord.com.co\/wp-content\/uploads\/2024\/04\/Diseno-sin-titulo.png\" \/>\n\t<meta property=\"og:image:width\" content=\"1080\" \/>\n\t<meta property=\"og:image:height\" content=\"1350\" \/>\n\t<meta property=\"og:image:type\" content=\"image\/png\" \/>\n<meta name=\"twitter:card\" content=\"summary_large_image\" \/>\n<meta name=\"twitter:label1\" content=\"Tiempo estimado de lectura\" \/>\n\t<meta name=\"twitter:data1\" content=\"2 minutos\" \/>\n<script type=\"application\/ld+json\" class=\"yoast-schema-graph\">{\"@context\":\"https:\/\/schema.org\",\"@graph\":[{\"@type\":\"WebPage\",\"@id\":\"https:\/\/aquacord.com.co\/index.php\/product\/oba-pool-hipoclorito-de-calcio-70\/\",\"url\":\"https:\/\/aquacord.com.co\/index.php\/product\/oba-pool-hipoclorito-de-calcio-70\/\",\"name\":\"OBA POOL HIPOCLORITO DE CALCIO 70% -\",\"isPartOf\":{\"@id\":\"https:\/\/aquacord.com.co\/#website\"},\"datePublished\":\"2024-04-24T21:00:14+00:00\",\"dateModified\":\"2026-01-20T01:37:54+00:00\",\"breadcrumb\":{\"@id\":\"https:\/\/aquacord.com.co\/index.php\/product\/oba-pool-hipoclorito-de-calcio-70\/#breadcrumb\"},\"inLanguage\":\"es-CO\",\"potentialAction\":[{\"@type\":\"ReadAction\",\"target\":[\"https:\/\/aquacord.com.co\/index.php\/product\/oba-pool-hipoclorito-de-calcio-70\/\"]}]},{\"@type\":\"BreadcrumbList\",\"@id\":\"https:\/\/aquacord.com.co\/index.php\/product\/oba-pool-hipoclorito-de-calcio-70\/#breadcrumb\",\"itemListElement\":[{\"@type\":\"ListItem\",\"position\":1,\"name\":\"Inicio\",\"item\":\"https:\/\/aquacord.com.co\/\"},{\"@type\":\"ListItem\",\"position\":2,\"name\":\"Tienda\",\"item\":\"https:\/\/aquacord.com.co\/index.php\/tienda\/\"},{\"@type\":\"ListItem\",\"position\":3,\"name\":\"OBA POOL HIPOCLORITO DE CALCIO 70%\"}]},{\"@type\":\"WebSite\",\"@id\":\"https:\/\/aquacord.com.co\/#website\",\"url\":\"https:\/\/aquacord.com.co\/\",\"name\":\"\",\"description\":\"Todo lo relacionado en productos qu\u00edmicos, accesorios, equipos para piscinas y el aseo de tu hogar e empresas\",\"potentialAction\":[{\"@type\":\"SearchAction\",\"target\":{\"@type\":\"EntryPoint\",\"urlTemplate\":\"https:\/\/aquacord.com.co\/?s={search_term_string}\"},\"query-input\":\"required name=search_term_string\"}],\"inLanguage\":\"es-CO\"}]}<\/script>\n<!-- \/ Yoast SEO plugin. -->","yoast_head_json":{"title":"OBA POOL HIPOCLORITO DE CALCIO 70% -","robots":{"index":"index","follow":"follow","max-snippet":"max-snippet:-1","max-image-preview":"max-image-preview:large","max-video-preview":"max-video-preview:-1"},"canonical":"https:\/\/aquacord.com.co\/index.php\/product\/oba-pool-hipoclorito-de-calcio-70\/","og_locale":"es_ES","og_type":"article","og_title":"OBA POOL HIPOCLORITO DE CALCIO 70% -","og_description":"OBA POOL HIPOCLORITO DE CALCIO 70%,\u00a0 es el producto ideal para tratamiento de aguas potables. Debido a su gran capacidad soluble en el agua es efectivo contra agentes pat\u00f3genos como, bacterias, virus y hongos que afectan piscinas, acueductos y dem\u00e1s almacenamientos de agua pura. Presentacion: Bolsa x 1 KG, Tanque x 40 y 45 KG &hellip; OBA POOL HIPOCLORITO DE CALCIO 70% Leer m\u00e1s &raquo;","og_url":"https:\/\/aquacord.com.co\/index.php\/product\/oba-pool-hipoclorito-de-calcio-70\/","article_modified_time":"2026-01-20T01:37:54+00:00","og_image":[{"width":1080,"height":1350,"url":"https:\/\/aquacord.com.co\/wp-content\/uploads\/2024\/04\/Diseno-sin-titulo.png","type":"image\/png"}],"twitter_card":"summary_large_image","twitter_misc":{"Tiempo estimado de lectura":"2 minutos"},"schema":{"@context":"https:\/\/schema.org","@graph":[{"@type":"WebPage","@id":"https:\/\/aquacord.com.co\/index.php\/product\/oba-pool-hipoclorito-de-calcio-70\/","url":"https:\/\/aquacord.com.co\/index.php\/product\/oba-pool-hipoclorito-de-calcio-70\/","name":"OBA POOL HIPOCLORITO DE CALCIO 70% -","isPartOf":{"@id":"https:\/\/aquacord.com.co\/#website"},"datePublished":"2024-04-24T21:00:14+00:00","dateModified":"2026-01-20T01:37:54+00:00","breadcrumb":{"@id":"https:\/\/aquacord.com.co\/index.php\/product\/oba-pool-hipoclorito-de-calcio-70\/#breadcrumb"},"inLanguage":"es-CO","potentialAction":[{"@type":"ReadAction","target":["https:\/\/aquacord.com.co\/index.php\/product\/oba-pool-hipoclorito-de-calcio-70\/"]}]},{"@type":"BreadcrumbList","@id":"https:\/\/aquacord.com.co\/index.php\/product\/oba-pool-hipoclorito-de-calcio-70\/#breadcrumb","itemListElement":[{"@type":"ListItem","position":1,"name":"Inicio","item":"https:\/\/aquacord.com.co\/"},{"@type":"ListItem","position":2,"name":"Tienda","item":"https:\/\/aquacord.com.co\/index.php\/tienda\/"},{"@type":"ListItem","position":3,"name":"OBA POOL HIPOCLORITO DE CALCIO 70%"}]},{"@type":"WebSite","@id":"https:\/\/aquacord.com.co\/#website","url":"https:\/\/aquacord.com.co\/","name":"","description":"Todo lo relacionado en productos qu\u00edmicos, accesorios, equipos para piscinas y el aseo de tu hogar e empresas","potentialAction":[{"@type":"SearchAction","target":{"@type":"EntryPoint","urlTemplate":"https:\/\/aquacord.com.co\/?s={search_term_string}"},"query-input":"required name=search_term_string"}],"inLanguage":"es-CO"}]}},"_links":{"self":[{"href":"https:\/\/aquacord.com.co\/index.php\/wp-json\/wp\/v2\/product\/4913"}],"collection":[{"href":"https:\/\/aquacord.com.co\/index.php\/wp-json\/wp\/v2\/product"}],"about":[{"href":"https:\/\/aquacord.com.co\/index.php\/wp-json\/wp\/v2\/types\/product"}],"replies":[{"embeddable":true,"href":"https:\/\/aquacord.com.co\/index.php\/wp-json\/wp\/v2\/comments?post=4913"}],"version-history":[{"count":3,"href":"https:\/\/aquacord.com.co\/index.php\/wp-json\/wp\/v2\/product\/4913\/revisions"}],"predecessor-version":[{"id":5586,"href":"https:\/\/aquacord.com.co\/index.php\/wp-json\/wp\/v2\/product\/4913\/revisions\/5586"}],"wp:featuredmedia":[{"embeddable":true,"href":"https:\/\/aquacord.com.co\/index.php\/wp-json\/wp\/v2\/media\/5753"}],"wp:attachment":[{"href":"https:\/\/aquacord.com.co\/index.php\/wp-json\/wp\/v2\/media?parent=4913"}],"wp:term":[{"taxonomy":"product_cat","embeddable":true,"href":"https:\/\/aquacord.com.co\/index.php\/wp-json\/wp\/v2\/product_cat?post=4913"},{"taxonomy":"product_tag","embeddable":true,"href":"https:\/\/aquacord.com.co\/index.php\/wp-json\/wp\/v2\/product_tag?post=4913"}],"curies":[{"name":"wp","href":"https:\/\/api.w.org\/{rel}","templated":true}]}}