{"id":4969,"date":"2024-05-07T17:18:32","date_gmt":"2024-05-07T17:18:32","guid":{"rendered":"https:\/\/aquacord.com.co\/?post_type=product&#038;p=4969"},"modified":"2024-05-07T17:18:33","modified_gmt":"2024-05-07T17:18:33","slug":"desnatador-plastico-concreto-2","status":"publish","type":"product","link":"https:\/\/aquacord.com.co\/index.php\/product\/desnatador-plastico-concreto-2\/","title":{"rendered":"DESNATADOR PLASTICO CONCRETO 2&#8243;"},"content":{"rendered":"<h1 class=\"page-title\"><span class=\"base\" data-ui-id=\"page-title-wrapper\">Desnatador de tapa cuadrada con canastilla para piscina<\/span><\/h1>\n<p>&nbsp;<\/p>\n<table id=\"product-attribute-specs-table\" class=\"data table additional-attributes\">\n<caption class=\"table-caption\">Caracter\u00edsticas<\/caption>\n<thead>\n<tr>\n<th>Caracter\u00edsticas<\/th>\n<th>Valor<\/th>\n<\/tr>\n<\/thead>\n<tbody>\n<tr>\n<th class=\"col label\" scope=\"row\">Tipo de producto<\/th>\n<td class=\"col data\" data-th=\"Tipo de producto\">Desnatador para piscina<\/td>\n<\/tr>\n<tr>\n<th class=\"col label\" scope=\"row\">Marca<\/th>\n<td class=\"col data\" data-th=\"Marca\">PANDA POOL PRODUCTS<\/td>\n<\/tr>\n<tr>\n<th class=\"col label\" scope=\"row\">Sectores de uso<\/th>\n<td class=\"col data\" data-th=\"Sectores de uso\">Hogar, Comercio<\/td>\n<\/tr>\n<tr>\n<th class=\"col label\" scope=\"row\">Incluye<\/th>\n<td class=\"col data\" data-th=\"Incluye\">Prefiltro<\/td>\n<\/tr>\n<tr>\n<th class=\"col label\" scope=\"row\">Garant\u00eda<\/th>\n<td class=\"col data\" data-th=\"Garant\u00eda\">1 a\u00f1o<\/td>\n<\/tr>\n<tr>\n<th class=\"col label\" scope=\"row\">Caracter\u00edsticas<\/th>\n<td class=\"col data\" data-th=\"Caracter\u00edsticas\">Muy robusto y de alta calidad<\/td>\n<\/tr>\n<tr>\n<th class=\"col label\" scope=\"row\">Material de construcci\u00f3n<\/th>\n<td class=\"col data\" data-th=\"Material de construcci\u00f3n\">Pl\u00e1stico ABS<\/td>\n<\/tr>\n<tr>\n<th class=\"col label\" scope=\"row\">Tipo de montaje<\/th>\n<td class=\"col data\" data-th=\"Tipo de montaje\">Concreto<\/td>\n<\/tr>\n<tr>\n<th class=\"col label\" scope=\"row\">Di\u00e1metro de conexi\u00f3n<\/th>\n<td class=\"col data\" data-th=\"Di\u00e1metro de conexi\u00f3n\">2&#8243; x 2&#8243;<\/td>\n<\/tr>\n<tr>\n<th class=\"col label\" scope=\"row\">Dimensiones<\/th>\n<td class=\"col data\" data-th=\"Dimensiones\">480.7 x 252 x 400 mm<\/td>\n<\/tr>\n<tr>\n<th class=\"col label\" scope=\"row\">Peso<\/th>\n<td class=\"col data\" data-th=\"Peso\">3.5 kg<\/td>\n<\/tr>\n<\/tbody>\n<\/table>\n","protected":false},"excerpt":{"rendered":"<p>Desnatador de tapa cuadrada con canastilla para piscina &nbsp; Caracter\u00edsticas Caracter\u00edsticas Valor Tipo de producto Desnatador para piscina Marca PANDA POOL PRODUCTS Sectores de uso Hogar, Comercio Incluye Prefiltro Garant\u00eda 1 a\u00f1o Caracter\u00edsticas Muy robusto y de alta calidad Material de construcci\u00f3n Pl\u00e1stico ABS Tipo de montaje Concreto Di\u00e1metro de conexi\u00f3n 2&#8243; x 2&#8243; Dimensiones &hellip;<\/p>\n<p class=\"read-more\"> <a class=\"\" href=\"https:\/\/aquacord.com.co\/index.php\/product\/desnatador-plastico-concreto-2\/\"> <span class=\"screen-reader-text\">DESNATADOR PLASTICO CONCRETO 2&#8243;<\/span> Leer m\u00e1s &raquo;<\/a><\/p>\n","protected":false},"featured_media":4970,"comment_status":"open","ping_status":"closed","template":"","meta":{"site-sidebar-layout":"default","site-content-layout":"default","ast-global-header-display":"","ast-main-header-display":"","ast-hfb-above-header-display":"","ast-hfb-below-header-display":"","ast-hfb-mobile-header-display":"","site-post-title":"","ast-breadcrumbs-content":"","ast-featured-img":"","footer-sml-layout":"","theme-transparent-header-meta":"default","adv-header-id-meta":"","stick-header-meta":"","header-above-stick-meta":"","header-main-stick-meta":"","header-below-stick-meta":""},"product_cat":[20,30],"product_tag":[],"yoast_head":"<!-- This site is optimized with the Yoast SEO plugin v20.1 - https:\/\/yoast.com\/wordpress\/plugins\/seo\/ -->\n<title>DESNATADOR PLASTICO CONCRETO 2&quot; -<\/title>\n<meta name=\"robots\" content=\"index, follow, max-snippet:-1, max-image-preview:large, max-video-preview:-1\" \/>\n<link rel=\"canonical\" href=\"https:\/\/aquacord.com.co\/index.php\/product\/desnatador-plastico-concreto-2\/\" \/>\n<meta property=\"og:locale\" content=\"es_ES\" \/>\n<meta property=\"og:type\" content=\"article\" \/>\n<meta property=\"og:title\" content=\"DESNATADOR PLASTICO CONCRETO 2&quot; -\" \/>\n<meta property=\"og:description\" content=\"Desnatador de tapa cuadrada con canastilla para piscina &nbsp; Caracter\u00edsticas Caracter\u00edsticas Valor Tipo de producto Desnatador para piscina Marca PANDA POOL PRODUCTS Sectores de uso Hogar, Comercio Incluye Prefiltro Garant\u00eda 1 a\u00f1o Caracter\u00edsticas Muy robusto y de alta calidad Material de construcci\u00f3n Pl\u00e1stico ABS Tipo de montaje Concreto Di\u00e1metro de conexi\u00f3n 2&#8243; x 2&#8243; Dimensiones &hellip; DESNATADOR PLASTICO CONCRETO 2&#8243; Leer m\u00e1s &raquo;\" \/>\n<meta property=\"og:url\" content=\"https:\/\/aquacord.com.co\/index.php\/product\/desnatador-plastico-concreto-2\/\" \/>\n<meta property=\"article:modified_time\" content=\"2024-05-07T17:18:33+00:00\" \/>\n<meta property=\"og:image\" content=\"https:\/\/aquacord.com.co\/wp-content\/uploads\/2024\/05\/Captura-de-pantalla-2024-05-07-121639.png\" \/>\n\t<meta property=\"og:image:width\" content=\"634\" \/>\n\t<meta property=\"og:image:height\" content=\"642\" \/>\n\t<meta property=\"og:image:type\" content=\"image\/png\" \/>\n<meta name=\"twitter:card\" content=\"summary_large_image\" \/>\n<meta name=\"twitter:label1\" content=\"Tiempo estimado de lectura\" \/>\n\t<meta name=\"twitter:data1\" content=\"1 minuto\" \/>\n<script type=\"application\/ld+json\" class=\"yoast-schema-graph\">{\"@context\":\"https:\/\/schema.org\",\"@graph\":[{\"@type\":\"WebPage\",\"@id\":\"https:\/\/aquacord.com.co\/index.php\/product\/desnatador-plastico-concreto-2\/\",\"url\":\"https:\/\/aquacord.com.co\/index.php\/product\/desnatador-plastico-concreto-2\/\",\"name\":\"DESNATADOR PLASTICO CONCRETO 2\\\" -\",\"isPartOf\":{\"@id\":\"https:\/\/aquacord.com.co\/#website\"},\"datePublished\":\"2024-05-07T17:18:32+00:00\",\"dateModified\":\"2024-05-07T17:18:33+00:00\",\"breadcrumb\":{\"@id\":\"https:\/\/aquacord.com.co\/index.php\/product\/desnatador-plastico-concreto-2\/#breadcrumb\"},\"inLanguage\":\"es-CO\",\"potentialAction\":[{\"@type\":\"ReadAction\",\"target\":[\"https:\/\/aquacord.com.co\/index.php\/product\/desnatador-plastico-concreto-2\/\"]}]},{\"@type\":\"BreadcrumbList\",\"@id\":\"https:\/\/aquacord.com.co\/index.php\/product\/desnatador-plastico-concreto-2\/#breadcrumb\",\"itemListElement\":[{\"@type\":\"ListItem\",\"position\":1,\"name\":\"Inicio\",\"item\":\"https:\/\/aquacord.com.co\/\"},{\"@type\":\"ListItem\",\"position\":2,\"name\":\"Tienda\",\"item\":\"https:\/\/aquacord.com.co\/index.php\/tienda\/\"},{\"@type\":\"ListItem\",\"position\":3,\"name\":\"DESNATADOR PLASTICO CONCRETO 2&#8243;\"}]},{\"@type\":\"WebSite\",\"@id\":\"https:\/\/aquacord.com.co\/#website\",\"url\":\"https:\/\/aquacord.com.co\/\",\"name\":\"\",\"description\":\"Todo lo relacionado en productos qu\u00edmicos, accesorios, equipos para piscinas y el aseo de tu hogar e empresas\",\"potentialAction\":[{\"@type\":\"SearchAction\",\"target\":{\"@type\":\"EntryPoint\",\"urlTemplate\":\"https:\/\/aquacord.com.co\/?s={search_term_string}\"},\"query-input\":\"required name=search_term_string\"}],\"inLanguage\":\"es-CO\"}]}<\/script>\n<!-- \/ Yoast SEO plugin. -->","yoast_head_json":{"title":"DESNATADOR PLASTICO CONCRETO 2\" -","robots":{"index":"index","follow":"follow","max-snippet":"max-snippet:-1","max-image-preview":"max-image-preview:large","max-video-preview":"max-video-preview:-1"},"canonical":"https:\/\/aquacord.com.co\/index.php\/product\/desnatador-plastico-concreto-2\/","og_locale":"es_ES","og_type":"article","og_title":"DESNATADOR PLASTICO CONCRETO 2\" -","og_description":"Desnatador de tapa cuadrada con canastilla para piscina &nbsp; Caracter\u00edsticas Caracter\u00edsticas Valor Tipo de producto Desnatador para piscina Marca PANDA POOL PRODUCTS Sectores de uso Hogar, Comercio Incluye Prefiltro Garant\u00eda 1 a\u00f1o Caracter\u00edsticas Muy robusto y de alta calidad Material de construcci\u00f3n Pl\u00e1stico ABS Tipo de montaje Concreto Di\u00e1metro de conexi\u00f3n 2&#8243; x 2&#8243; Dimensiones &hellip; DESNATADOR PLASTICO CONCRETO 2&#8243; Leer m\u00e1s &raquo;","og_url":"https:\/\/aquacord.com.co\/index.php\/product\/desnatador-plastico-concreto-2\/","article_modified_time":"2024-05-07T17:18:33+00:00","og_image":[{"width":634,"height":642,"url":"https:\/\/aquacord.com.co\/wp-content\/uploads\/2024\/05\/Captura-de-pantalla-2024-05-07-121639.png","type":"image\/png"}],"twitter_card":"summary_large_image","twitter_misc":{"Tiempo estimado de lectura":"1 minuto"},"schema":{"@context":"https:\/\/schema.org","@graph":[{"@type":"WebPage","@id":"https:\/\/aquacord.com.co\/index.php\/product\/desnatador-plastico-concreto-2\/","url":"https:\/\/aquacord.com.co\/index.php\/product\/desnatador-plastico-concreto-2\/","name":"DESNATADOR PLASTICO CONCRETO 2\" -","isPartOf":{"@id":"https:\/\/aquacord.com.co\/#website"},"datePublished":"2024-05-07T17:18:32+00:00","dateModified":"2024-05-07T17:18:33+00:00","breadcrumb":{"@id":"https:\/\/aquacord.com.co\/index.php\/product\/desnatador-plastico-concreto-2\/#breadcrumb"},"inLanguage":"es-CO","potentialAction":[{"@type":"ReadAction","target":["https:\/\/aquacord.com.co\/index.php\/product\/desnatador-plastico-concreto-2\/"]}]},{"@type":"BreadcrumbList","@id":"https:\/\/aquacord.com.co\/index.php\/product\/desnatador-plastico-concreto-2\/#breadcrumb","itemListElement":[{"@type":"ListItem","position":1,"name":"Inicio","item":"https:\/\/aquacord.com.co\/"},{"@type":"ListItem","position":2,"name":"Tienda","item":"https:\/\/aquacord.com.co\/index.php\/tienda\/"},{"@type":"ListItem","position":3,"name":"DESNATADOR PLASTICO CONCRETO 2&#8243;"}]},{"@type":"WebSite","@id":"https:\/\/aquacord.com.co\/#website","url":"https:\/\/aquacord.com.co\/","name":"","description":"Todo lo relacionado en productos qu\u00edmicos, accesorios, equipos para piscinas y el aseo de tu hogar e empresas","potentialAction":[{"@type":"SearchAction","target":{"@type":"EntryPoint","urlTemplate":"https:\/\/aquacord.com.co\/?s={search_term_string}"},"query-input":"required name=search_term_string"}],"inLanguage":"es-CO"}]}},"_links":{"self":[{"href":"https:\/\/aquacord.com.co\/index.php\/wp-json\/wp\/v2\/product\/4969"}],"collection":[{"href":"https:\/\/aquacord.com.co\/index.php\/wp-json\/wp\/v2\/product"}],"about":[{"href":"https:\/\/aquacord.com.co\/index.php\/wp-json\/wp\/v2\/types\/product"}],"replies":[{"embeddable":true,"href":"https:\/\/aquacord.com.co\/index.php\/wp-json\/wp\/v2\/comments?post=4969"}],"version-history":[{"count":1,"href":"https:\/\/aquacord.com.co\/index.php\/wp-json\/wp\/v2\/product\/4969\/revisions"}],"predecessor-version":[{"id":4971,"href":"https:\/\/aquacord.com.co\/index.php\/wp-json\/wp\/v2\/product\/4969\/revisions\/4971"}],"wp:featuredmedia":[{"embeddable":true,"href":"https:\/\/aquacord.com.co\/index.php\/wp-json\/wp\/v2\/media\/4970"}],"wp:attachment":[{"href":"https:\/\/aquacord.com.co\/index.php\/wp-json\/wp\/v2\/media?parent=4969"}],"wp:term":[{"taxonomy":"product_cat","embeddable":true,"href":"https:\/\/aquacord.com.co\/index.php\/wp-json\/wp\/v2\/product_cat?post=4969"},{"taxonomy":"product_tag","embeddable":true,"href":"https:\/\/aquacord.com.co\/index.php\/wp-json\/wp\/v2\/product_tag?post=4969"}],"curies":[{"name":"wp","href":"https:\/\/api.w.org\/{rel}","templated":true}]}}