{"id":5370,"date":"2024-09-14T15:01:33","date_gmt":"2024-09-14T15:01:33","guid":{"rendered":"https:\/\/aquacord.com.co\/?post_type=product&#038;p=5370"},"modified":"2024-09-14T15:01:34","modified_gmt":"2024-09-14T15:01:34","slug":"mecha-melody-microfibra-cosida-melody-x400grms","status":"publish","type":"product","link":"https:\/\/aquacord.com.co\/index.php\/product\/mecha-melody-microfibra-cosida-melody-x400grms\/","title":{"rendered":"MECHA MELODY MICROFIBRA COSIDA MELODY X400GRMS"},"content":{"rendered":"<p>MECHA MELODY, Uso Domestico, Institucional y Profesional para mantenimiento general de pisos\u00a0 interiores \u00a0incluyendo la Codificaci\u00f3n por \u00c1rea para evitar la Contaminaci\u00f3n Cruzada en Instituciones reguladas por normas de SDS, Invima, Haccp, excepto en zonas que requieren condiciones sanitarias especiales. No deje su trapero en agua, despu\u00e9s de usarlo, l\u00e1velo, desinf\u00e9ctelo, expr\u00edmalo y d\u00e9jelo secar colgado en ambiente ventilado.<\/p>\n","protected":false},"excerpt":{"rendered":"<p>MECHA MELODY, Uso Domestico, Institucional y Profesional para mantenimiento general de pisos\u00a0 interiores \u00a0incluyendo la Codificaci\u00f3n por \u00c1rea para evitar la Contaminaci\u00f3n Cruzada en Instituciones reguladas por normas de SDS, Invima, Haccp, excepto en zonas que requieren condiciones sanitarias especiales. No deje su trapero en agua, despu\u00e9s de usarlo, l\u00e1velo, desinf\u00e9ctelo, expr\u00edmalo y d\u00e9jelo secar &hellip;<\/p>\n<p class=\"read-more\"> <a class=\"\" href=\"https:\/\/aquacord.com.co\/index.php\/product\/mecha-melody-microfibra-cosida-melody-x400grms\/\"> <span class=\"screen-reader-text\">MECHA MELODY MICROFIBRA COSIDA MELODY X400GRMS<\/span> Leer m\u00e1s &raquo;<\/a><\/p>\n","protected":false},"featured_media":0,"comment_status":"open","ping_status":"closed","template":"","meta":{"site-sidebar-layout":"default","site-content-layout":"default","ast-global-header-display":"","ast-main-header-display":"","ast-hfb-above-header-display":"","ast-hfb-below-header-display":"","ast-hfb-mobile-header-display":"","site-post-title":"","ast-breadcrumbs-content":"","ast-featured-img":"","footer-sml-layout":"","theme-transparent-header-meta":"default","adv-header-id-meta":"","stick-header-meta":"","header-above-stick-meta":"","header-main-stick-meta":"","header-below-stick-meta":""},"product_cat":[18,48],"product_tag":[],"yoast_head":"<!-- This site is optimized with the Yoast SEO plugin v20.1 - https:\/\/yoast.com\/wordpress\/plugins\/seo\/ -->\n<title>MECHA MELODY MICROFIBRA COSIDA MELODY X400GRMS -<\/title>\n<meta name=\"robots\" content=\"index, follow, max-snippet:-1, max-image-preview:large, max-video-preview:-1\" \/>\n<link rel=\"canonical\" href=\"https:\/\/aquacord.com.co\/index.php\/product\/mecha-melody-microfibra-cosida-melody-x400grms\/\" \/>\n<meta property=\"og:locale\" content=\"es_ES\" \/>\n<meta property=\"og:type\" content=\"article\" \/>\n<meta property=\"og:title\" content=\"MECHA MELODY MICROFIBRA COSIDA MELODY X400GRMS -\" \/>\n<meta property=\"og:description\" content=\"MECHA MELODY, Uso Domestico, Institucional y Profesional para mantenimiento general de pisos\u00a0 interiores \u00a0incluyendo la Codificaci\u00f3n por \u00c1rea para evitar la Contaminaci\u00f3n Cruzada en Instituciones reguladas por normas de SDS, Invima, Haccp, excepto en zonas que requieren condiciones sanitarias especiales. No deje su trapero en agua, despu\u00e9s de usarlo, l\u00e1velo, desinf\u00e9ctelo, expr\u00edmalo y d\u00e9jelo secar &hellip; MECHA MELODY MICROFIBRA COSIDA MELODY X400GRMS Leer m\u00e1s &raquo;\" \/>\n<meta property=\"og:url\" content=\"https:\/\/aquacord.com.co\/index.php\/product\/mecha-melody-microfibra-cosida-melody-x400grms\/\" \/>\n<meta property=\"article:modified_time\" content=\"2024-09-14T15:01:34+00:00\" \/>\n<meta name=\"twitter:card\" content=\"summary_large_image\" \/>\n<meta name=\"twitter:label1\" content=\"Tiempo estimado de lectura\" \/>\n\t<meta name=\"twitter:data1\" content=\"1 minuto\" \/>\n<script type=\"application\/ld+json\" class=\"yoast-schema-graph\">{\"@context\":\"https:\/\/schema.org\",\"@graph\":[{\"@type\":\"WebPage\",\"@id\":\"https:\/\/aquacord.com.co\/index.php\/product\/mecha-melody-microfibra-cosida-melody-x400grms\/\",\"url\":\"https:\/\/aquacord.com.co\/index.php\/product\/mecha-melody-microfibra-cosida-melody-x400grms\/\",\"name\":\"MECHA MELODY MICROFIBRA COSIDA MELODY X400GRMS -\",\"isPartOf\":{\"@id\":\"https:\/\/aquacord.com.co\/#website\"},\"datePublished\":\"2024-09-14T15:01:33+00:00\",\"dateModified\":\"2024-09-14T15:01:34+00:00\",\"breadcrumb\":{\"@id\":\"https:\/\/aquacord.com.co\/index.php\/product\/mecha-melody-microfibra-cosida-melody-x400grms\/#breadcrumb\"},\"inLanguage\":\"es-CO\",\"potentialAction\":[{\"@type\":\"ReadAction\",\"target\":[\"https:\/\/aquacord.com.co\/index.php\/product\/mecha-melody-microfibra-cosida-melody-x400grms\/\"]}]},{\"@type\":\"BreadcrumbList\",\"@id\":\"https:\/\/aquacord.com.co\/index.php\/product\/mecha-melody-microfibra-cosida-melody-x400grms\/#breadcrumb\",\"itemListElement\":[{\"@type\":\"ListItem\",\"position\":1,\"name\":\"Inicio\",\"item\":\"https:\/\/aquacord.com.co\/\"},{\"@type\":\"ListItem\",\"position\":2,\"name\":\"Tienda\",\"item\":\"https:\/\/aquacord.com.co\/index.php\/tienda\/\"},{\"@type\":\"ListItem\",\"position\":3,\"name\":\"MECHA MELODY MICROFIBRA COSIDA MELODY X400GRMS\"}]},{\"@type\":\"WebSite\",\"@id\":\"https:\/\/aquacord.com.co\/#website\",\"url\":\"https:\/\/aquacord.com.co\/\",\"name\":\"\",\"description\":\"Todo lo relacionado en productos qu\u00edmicos, accesorios, equipos para piscinas y el aseo de tu hogar e empresas\",\"potentialAction\":[{\"@type\":\"SearchAction\",\"target\":{\"@type\":\"EntryPoint\",\"urlTemplate\":\"https:\/\/aquacord.com.co\/?s={search_term_string}\"},\"query-input\":\"required name=search_term_string\"}],\"inLanguage\":\"es-CO\"}]}<\/script>\n<!-- \/ Yoast SEO plugin. -->","yoast_head_json":{"title":"MECHA MELODY MICROFIBRA COSIDA MELODY X400GRMS -","robots":{"index":"index","follow":"follow","max-snippet":"max-snippet:-1","max-image-preview":"max-image-preview:large","max-video-preview":"max-video-preview:-1"},"canonical":"https:\/\/aquacord.com.co\/index.php\/product\/mecha-melody-microfibra-cosida-melody-x400grms\/","og_locale":"es_ES","og_type":"article","og_title":"MECHA MELODY MICROFIBRA COSIDA MELODY X400GRMS -","og_description":"MECHA MELODY, Uso Domestico, Institucional y Profesional para mantenimiento general de pisos\u00a0 interiores \u00a0incluyendo la Codificaci\u00f3n por \u00c1rea para evitar la Contaminaci\u00f3n Cruzada en Instituciones reguladas por normas de SDS, Invima, Haccp, excepto en zonas que requieren condiciones sanitarias especiales. No deje su trapero en agua, despu\u00e9s de usarlo, l\u00e1velo, desinf\u00e9ctelo, expr\u00edmalo y d\u00e9jelo secar &hellip; MECHA MELODY MICROFIBRA COSIDA MELODY X400GRMS Leer m\u00e1s &raquo;","og_url":"https:\/\/aquacord.com.co\/index.php\/product\/mecha-melody-microfibra-cosida-melody-x400grms\/","article_modified_time":"2024-09-14T15:01:34+00:00","twitter_card":"summary_large_image","twitter_misc":{"Tiempo estimado de lectura":"1 minuto"},"schema":{"@context":"https:\/\/schema.org","@graph":[{"@type":"WebPage","@id":"https:\/\/aquacord.com.co\/index.php\/product\/mecha-melody-microfibra-cosida-melody-x400grms\/","url":"https:\/\/aquacord.com.co\/index.php\/product\/mecha-melody-microfibra-cosida-melody-x400grms\/","name":"MECHA MELODY MICROFIBRA COSIDA MELODY X400GRMS -","isPartOf":{"@id":"https:\/\/aquacord.com.co\/#website"},"datePublished":"2024-09-14T15:01:33+00:00","dateModified":"2024-09-14T15:01:34+00:00","breadcrumb":{"@id":"https:\/\/aquacord.com.co\/index.php\/product\/mecha-melody-microfibra-cosida-melody-x400grms\/#breadcrumb"},"inLanguage":"es-CO","potentialAction":[{"@type":"ReadAction","target":["https:\/\/aquacord.com.co\/index.php\/product\/mecha-melody-microfibra-cosida-melody-x400grms\/"]}]},{"@type":"BreadcrumbList","@id":"https:\/\/aquacord.com.co\/index.php\/product\/mecha-melody-microfibra-cosida-melody-x400grms\/#breadcrumb","itemListElement":[{"@type":"ListItem","position":1,"name":"Inicio","item":"https:\/\/aquacord.com.co\/"},{"@type":"ListItem","position":2,"name":"Tienda","item":"https:\/\/aquacord.com.co\/index.php\/tienda\/"},{"@type":"ListItem","position":3,"name":"MECHA MELODY MICROFIBRA COSIDA MELODY X400GRMS"}]},{"@type":"WebSite","@id":"https:\/\/aquacord.com.co\/#website","url":"https:\/\/aquacord.com.co\/","name":"","description":"Todo lo relacionado en productos qu\u00edmicos, accesorios, equipos para piscinas y el aseo de tu hogar e empresas","potentialAction":[{"@type":"SearchAction","target":{"@type":"EntryPoint","urlTemplate":"https:\/\/aquacord.com.co\/?s={search_term_string}"},"query-input":"required name=search_term_string"}],"inLanguage":"es-CO"}]}},"_links":{"self":[{"href":"https:\/\/aquacord.com.co\/index.php\/wp-json\/wp\/v2\/product\/5370"}],"collection":[{"href":"https:\/\/aquacord.com.co\/index.php\/wp-json\/wp\/v2\/product"}],"about":[{"href":"https:\/\/aquacord.com.co\/index.php\/wp-json\/wp\/v2\/types\/product"}],"replies":[{"embeddable":true,"href":"https:\/\/aquacord.com.co\/index.php\/wp-json\/wp\/v2\/comments?post=5370"}],"version-history":[{"count":1,"href":"https:\/\/aquacord.com.co\/index.php\/wp-json\/wp\/v2\/product\/5370\/revisions"}],"predecessor-version":[{"id":5371,"href":"https:\/\/aquacord.com.co\/index.php\/wp-json\/wp\/v2\/product\/5370\/revisions\/5371"}],"wp:attachment":[{"href":"https:\/\/aquacord.com.co\/index.php\/wp-json\/wp\/v2\/media?parent=5370"}],"wp:term":[{"taxonomy":"product_cat","embeddable":true,"href":"https:\/\/aquacord.com.co\/index.php\/wp-json\/wp\/v2\/product_cat?post=5370"},{"taxonomy":"product_tag","embeddable":true,"href":"https:\/\/aquacord.com.co\/index.php\/wp-json\/wp\/v2\/product_tag?post=5370"}],"curies":[{"name":"wp","href":"https:\/\/api.w.org\/{rel}","templated":true}]}}