{"id":5395,"date":"2024-09-14T16:01:44","date_gmt":"2024-09-14T16:01:44","guid":{"rendered":"https:\/\/aquacord.com.co\/?post_type=product&#038;p=5395"},"modified":"2026-02-02T11:32:23","modified_gmt":"2026-02-02T11:32:23","slug":"toalla-de-mano-en-z-blanca-sofinieve","status":"publish","type":"product","link":"https:\/\/aquacord.com.co\/index.php\/product\/toalla-de-mano-en-z-blanca-sofinieve\/","title":{"rendered":"TOALLA DE MANO EN Z BLANCA SOFI(NIEVE)"},"content":{"rendered":"<p>TOALLA DE MANO EN Z BLANCA SOFI(NIEVE), papel\u00a0<b>pueden secar las manos de manera eficiente porque eliminan las bacterias de forma eficaz y provocan una menor contaminaci\u00f3n del entorno del ba\u00f1o<\/b>, a diferencia de las toallas de tela que conservan cierta humedad que propicia la conservaci\u00f3n de bacterias y g\u00e9rmenes contaminando otros.<\/p>\n","protected":false},"excerpt":{"rendered":"<p>TOALLA DE MANO EN Z BLANCA SOFI(NIEVE), papel\u00a0pueden secar las manos de manera eficiente porque eliminan las bacterias de forma eficaz y provocan una menor contaminaci\u00f3n del entorno del ba\u00f1o, a diferencia de las toallas de tela que conservan cierta humedad que propicia la conservaci\u00f3n de bacterias y g\u00e9rmenes contaminando otros.<\/p>\n","protected":false},"featured_media":5396,"comment_status":"open","ping_status":"closed","template":"","meta":{"site-sidebar-layout":"default","site-content-layout":"default","ast-global-header-display":"","ast-main-header-display":"","ast-hfb-above-header-display":"","ast-hfb-below-header-display":"","ast-hfb-mobile-header-display":"","site-post-title":"","ast-breadcrumbs-content":"","ast-featured-img":"","footer-sml-layout":"","theme-transparent-header-meta":"default","adv-header-id-meta":"","stick-header-meta":"","header-above-stick-meta":"","header-main-stick-meta":"","header-below-stick-meta":""},"product_cat":[18,50],"product_tag":[],"yoast_head":"<!-- This site is optimized with the Yoast SEO plugin v20.1 - https:\/\/yoast.com\/wordpress\/plugins\/seo\/ -->\n<title>TOALLA DE MANO EN Z BLANCA SOFI(NIEVE) -<\/title>\n<meta name=\"robots\" content=\"index, follow, max-snippet:-1, max-image-preview:large, max-video-preview:-1\" \/>\n<link rel=\"canonical\" href=\"https:\/\/aquacord.com.co\/index.php\/product\/toalla-de-mano-en-z-blanca-sofinieve\/\" \/>\n<meta property=\"og:locale\" content=\"es_ES\" \/>\n<meta property=\"og:type\" content=\"article\" \/>\n<meta property=\"og:title\" content=\"TOALLA DE MANO EN Z BLANCA SOFI(NIEVE) -\" \/>\n<meta property=\"og:description\" content=\"TOALLA DE MANO EN Z BLANCA SOFI(NIEVE), papel\u00a0pueden secar las manos de manera eficiente porque eliminan las bacterias de forma eficaz y provocan una menor contaminaci\u00f3n del entorno del ba\u00f1o, a diferencia de las toallas de tela que conservan cierta humedad que propicia la conservaci\u00f3n de bacterias y g\u00e9rmenes contaminando otros.\" \/>\n<meta property=\"og:url\" content=\"https:\/\/aquacord.com.co\/index.php\/product\/toalla-de-mano-en-z-blanca-sofinieve\/\" \/>\n<meta property=\"article:modified_time\" content=\"2026-02-02T11:32:23+00:00\" \/>\n<meta property=\"og:image\" content=\"https:\/\/aquacord.com.co\/wp-content\/uploads\/2024\/09\/TMSOFINAT.png\" \/>\n\t<meta property=\"og:image:width\" content=\"500\" \/>\n\t<meta property=\"og:image:height\" content=\"500\" \/>\n\t<meta property=\"og:image:type\" content=\"image\/png\" \/>\n<meta name=\"twitter:card\" content=\"summary_large_image\" \/>\n<meta name=\"twitter:label1\" content=\"Tiempo estimado de lectura\" \/>\n\t<meta name=\"twitter:data1\" content=\"1 minuto\" \/>\n<script type=\"application\/ld+json\" class=\"yoast-schema-graph\">{\"@context\":\"https:\/\/schema.org\",\"@graph\":[{\"@type\":\"WebPage\",\"@id\":\"https:\/\/aquacord.com.co\/index.php\/product\/toalla-de-mano-en-z-blanca-sofinieve\/\",\"url\":\"https:\/\/aquacord.com.co\/index.php\/product\/toalla-de-mano-en-z-blanca-sofinieve\/\",\"name\":\"TOALLA DE MANO EN Z BLANCA SOFI(NIEVE) -\",\"isPartOf\":{\"@id\":\"https:\/\/aquacord.com.co\/#website\"},\"datePublished\":\"2024-09-14T16:01:44+00:00\",\"dateModified\":\"2026-02-02T11:32:23+00:00\",\"breadcrumb\":{\"@id\":\"https:\/\/aquacord.com.co\/index.php\/product\/toalla-de-mano-en-z-blanca-sofinieve\/#breadcrumb\"},\"inLanguage\":\"es-CO\",\"potentialAction\":[{\"@type\":\"ReadAction\",\"target\":[\"https:\/\/aquacord.com.co\/index.php\/product\/toalla-de-mano-en-z-blanca-sofinieve\/\"]}]},{\"@type\":\"BreadcrumbList\",\"@id\":\"https:\/\/aquacord.com.co\/index.php\/product\/toalla-de-mano-en-z-blanca-sofinieve\/#breadcrumb\",\"itemListElement\":[{\"@type\":\"ListItem\",\"position\":1,\"name\":\"Inicio\",\"item\":\"https:\/\/aquacord.com.co\/\"},{\"@type\":\"ListItem\",\"position\":2,\"name\":\"Tienda\",\"item\":\"https:\/\/aquacord.com.co\/index.php\/tienda\/\"},{\"@type\":\"ListItem\",\"position\":3,\"name\":\"TOALLA DE MANO EN Z BLANCA SOFI(NIEVE)\"}]},{\"@type\":\"WebSite\",\"@id\":\"https:\/\/aquacord.com.co\/#website\",\"url\":\"https:\/\/aquacord.com.co\/\",\"name\":\"\",\"description\":\"Todo lo relacionado en productos qu\u00edmicos, accesorios, equipos para piscinas y el aseo de tu hogar e empresas\",\"potentialAction\":[{\"@type\":\"SearchAction\",\"target\":{\"@type\":\"EntryPoint\",\"urlTemplate\":\"https:\/\/aquacord.com.co\/?s={search_term_string}\"},\"query-input\":\"required name=search_term_string\"}],\"inLanguage\":\"es-CO\"}]}<\/script>\n<!-- \/ Yoast SEO plugin. -->","yoast_head_json":{"title":"TOALLA DE MANO EN Z BLANCA SOFI(NIEVE) -","robots":{"index":"index","follow":"follow","max-snippet":"max-snippet:-1","max-image-preview":"max-image-preview:large","max-video-preview":"max-video-preview:-1"},"canonical":"https:\/\/aquacord.com.co\/index.php\/product\/toalla-de-mano-en-z-blanca-sofinieve\/","og_locale":"es_ES","og_type":"article","og_title":"TOALLA DE MANO EN Z BLANCA SOFI(NIEVE) -","og_description":"TOALLA DE MANO EN Z BLANCA SOFI(NIEVE), papel\u00a0pueden secar las manos de manera eficiente porque eliminan las bacterias de forma eficaz y provocan una menor contaminaci\u00f3n del entorno del ba\u00f1o, a diferencia de las toallas de tela que conservan cierta humedad que propicia la conservaci\u00f3n de bacterias y g\u00e9rmenes contaminando otros.","og_url":"https:\/\/aquacord.com.co\/index.php\/product\/toalla-de-mano-en-z-blanca-sofinieve\/","article_modified_time":"2026-02-02T11:32:23+00:00","og_image":[{"width":500,"height":500,"url":"https:\/\/aquacord.com.co\/wp-content\/uploads\/2024\/09\/TMSOFINAT.png","type":"image\/png"}],"twitter_card":"summary_large_image","twitter_misc":{"Tiempo estimado de lectura":"1 minuto"},"schema":{"@context":"https:\/\/schema.org","@graph":[{"@type":"WebPage","@id":"https:\/\/aquacord.com.co\/index.php\/product\/toalla-de-mano-en-z-blanca-sofinieve\/","url":"https:\/\/aquacord.com.co\/index.php\/product\/toalla-de-mano-en-z-blanca-sofinieve\/","name":"TOALLA DE MANO EN Z BLANCA SOFI(NIEVE) -","isPartOf":{"@id":"https:\/\/aquacord.com.co\/#website"},"datePublished":"2024-09-14T16:01:44+00:00","dateModified":"2026-02-02T11:32:23+00:00","breadcrumb":{"@id":"https:\/\/aquacord.com.co\/index.php\/product\/toalla-de-mano-en-z-blanca-sofinieve\/#breadcrumb"},"inLanguage":"es-CO","potentialAction":[{"@type":"ReadAction","target":["https:\/\/aquacord.com.co\/index.php\/product\/toalla-de-mano-en-z-blanca-sofinieve\/"]}]},{"@type":"BreadcrumbList","@id":"https:\/\/aquacord.com.co\/index.php\/product\/toalla-de-mano-en-z-blanca-sofinieve\/#breadcrumb","itemListElement":[{"@type":"ListItem","position":1,"name":"Inicio","item":"https:\/\/aquacord.com.co\/"},{"@type":"ListItem","position":2,"name":"Tienda","item":"https:\/\/aquacord.com.co\/index.php\/tienda\/"},{"@type":"ListItem","position":3,"name":"TOALLA DE MANO EN Z BLANCA SOFI(NIEVE)"}]},{"@type":"WebSite","@id":"https:\/\/aquacord.com.co\/#website","url":"https:\/\/aquacord.com.co\/","name":"","description":"Todo lo relacionado en productos qu\u00edmicos, accesorios, equipos para piscinas y el aseo de tu hogar e empresas","potentialAction":[{"@type":"SearchAction","target":{"@type":"EntryPoint","urlTemplate":"https:\/\/aquacord.com.co\/?s={search_term_string}"},"query-input":"required name=search_term_string"}],"inLanguage":"es-CO"}]}},"_links":{"self":[{"href":"https:\/\/aquacord.com.co\/index.php\/wp-json\/wp\/v2\/product\/5395"}],"collection":[{"href":"https:\/\/aquacord.com.co\/index.php\/wp-json\/wp\/v2\/product"}],"about":[{"href":"https:\/\/aquacord.com.co\/index.php\/wp-json\/wp\/v2\/types\/product"}],"replies":[{"embeddable":true,"href":"https:\/\/aquacord.com.co\/index.php\/wp-json\/wp\/v2\/comments?post=5395"}],"version-history":[{"count":1,"href":"https:\/\/aquacord.com.co\/index.php\/wp-json\/wp\/v2\/product\/5395\/revisions"}],"predecessor-version":[{"id":5397,"href":"https:\/\/aquacord.com.co\/index.php\/wp-json\/wp\/v2\/product\/5395\/revisions\/5397"}],"wp:featuredmedia":[{"embeddable":true,"href":"https:\/\/aquacord.com.co\/index.php\/wp-json\/wp\/v2\/media\/5396"}],"wp:attachment":[{"href":"https:\/\/aquacord.com.co\/index.php\/wp-json\/wp\/v2\/media?parent=5395"}],"wp:term":[{"taxonomy":"product_cat","embeddable":true,"href":"https:\/\/aquacord.com.co\/index.php\/wp-json\/wp\/v2\/product_cat?post=5395"},{"taxonomy":"product_tag","embeddable":true,"href":"https:\/\/aquacord.com.co\/index.php\/wp-json\/wp\/v2\/product_tag?post=5395"}],"curies":[{"name":"wp","href":"https:\/\/api.w.org\/{rel}","templated":true}]}}