{"id":5398,"date":"2024-09-14T16:07:34","date_gmt":"2024-09-14T16:07:34","guid":{"rendered":"https:\/\/aquacord.com.co\/?post_type=product&#038;p=5398"},"modified":"2024-09-14T16:07:35","modified_gmt":"2024-09-14T16:07:35","slug":"goma-para-ratones","status":"publish","type":"product","link":"https:\/\/aquacord.com.co\/index.php\/product\/goma-para-ratones\/","title":{"rendered":"GOMA PARA RATONES"},"content":{"rendered":"<p>GOMA PARA RATONES, Las trampas de pegamento para\u00a0<span role=\"tooltip\"><span class=\"c5aZPb\" role=\"button\" data-enable-toggle-animation=\"true\" data-extra-container-classes=\"ZLo7Eb\" data-hover-hide-delay=\"1000\" data-hover-open-delay=\"500\" data-send-open-event=\"true\" data-theme=\"0\" data-width=\"250\" data-ved=\"2ahUKEwjWoYyy6MKIAxV-SDABHd6gBGwQmpgGegQIHhAD\"><span class=\"JPfdse\" data-bubble-link=\"\" data-segment-text=\"ratones\">ratones<\/span><\/span><\/span>\u00a0y ratas son unas l\u00e1minas de cart\u00f3n o de pl\u00e1stico recubiertas por un adhesivo muy pegajoso.\u00a0<b>Cuando el rat\u00f3n pasa por encima, se queda pegado por las patas y, al intentar liberarse, quedar\u00e1 pegado e inmovilizado el resto de su cuerpo<\/b>.<\/p>\n","protected":false},"excerpt":{"rendered":"<p>GOMA PARA RATONES, Las trampas de pegamento para\u00a0ratones\u00a0y ratas son unas l\u00e1minas de cart\u00f3n o de pl\u00e1stico recubiertas por un adhesivo muy pegajoso.\u00a0Cuando el rat\u00f3n pasa por encima, se queda pegado por las patas y, al intentar liberarse, quedar\u00e1 pegado e inmovilizado el resto de su cuerpo.<\/p>\n","protected":false},"featured_media":5399,"comment_status":"open","ping_status":"closed","template":"","meta":{"site-sidebar-layout":"default","site-content-layout":"default","ast-global-header-display":"","ast-main-header-display":"","ast-hfb-above-header-display":"","ast-hfb-below-header-display":"","ast-hfb-mobile-header-display":"","site-post-title":"","ast-breadcrumbs-content":"","ast-featured-img":"","footer-sml-layout":"","theme-transparent-header-meta":"default","adv-header-id-meta":"","stick-header-meta":"","header-above-stick-meta":"","header-main-stick-meta":"","header-below-stick-meta":""},"product_cat":[59,18],"product_tag":[],"yoast_head":"<!-- This site is optimized with the Yoast SEO plugin v20.1 - https:\/\/yoast.com\/wordpress\/plugins\/seo\/ -->\n<title>GOMA PARA RATONES -<\/title>\n<meta name=\"robots\" content=\"index, follow, max-snippet:-1, max-image-preview:large, max-video-preview:-1\" \/>\n<link rel=\"canonical\" href=\"https:\/\/aquacord.com.co\/index.php\/product\/goma-para-ratones\/\" \/>\n<meta property=\"og:locale\" content=\"es_ES\" \/>\n<meta property=\"og:type\" content=\"article\" \/>\n<meta property=\"og:title\" content=\"GOMA PARA RATONES -\" \/>\n<meta property=\"og:description\" content=\"GOMA PARA RATONES, Las trampas de pegamento para\u00a0ratones\u00a0y ratas son unas l\u00e1minas de cart\u00f3n o de pl\u00e1stico recubiertas por un adhesivo muy pegajoso.\u00a0Cuando el rat\u00f3n pasa por encima, se queda pegado por las patas y, al intentar liberarse, quedar\u00e1 pegado e inmovilizado el resto de su cuerpo.\" \/>\n<meta property=\"og:url\" content=\"https:\/\/aquacord.com.co\/index.php\/product\/goma-para-ratones\/\" \/>\n<meta property=\"article:modified_time\" content=\"2024-09-14T16:07:35+00:00\" \/>\n<meta property=\"og:image\" content=\"https:\/\/aquacord.com.co\/wp-content\/uploads\/2024\/09\/Captura-de-pantalla-2024-09-14-110536.jpg\" \/>\n\t<meta property=\"og:image:width\" content=\"744\" \/>\n\t<meta property=\"og:image:height\" content=\"265\" \/>\n\t<meta property=\"og:image:type\" content=\"image\/jpeg\" \/>\n<meta name=\"twitter:card\" content=\"summary_large_image\" \/>\n<meta name=\"twitter:label1\" content=\"Tiempo estimado de lectura\" \/>\n\t<meta name=\"twitter:data1\" content=\"1 minuto\" \/>\n<script type=\"application\/ld+json\" class=\"yoast-schema-graph\">{\"@context\":\"https:\/\/schema.org\",\"@graph\":[{\"@type\":\"WebPage\",\"@id\":\"https:\/\/aquacord.com.co\/index.php\/product\/goma-para-ratones\/\",\"url\":\"https:\/\/aquacord.com.co\/index.php\/product\/goma-para-ratones\/\",\"name\":\"GOMA PARA RATONES -\",\"isPartOf\":{\"@id\":\"https:\/\/aquacord.com.co\/#website\"},\"datePublished\":\"2024-09-14T16:07:34+00:00\",\"dateModified\":\"2024-09-14T16:07:35+00:00\",\"breadcrumb\":{\"@id\":\"https:\/\/aquacord.com.co\/index.php\/product\/goma-para-ratones\/#breadcrumb\"},\"inLanguage\":\"es-CO\",\"potentialAction\":[{\"@type\":\"ReadAction\",\"target\":[\"https:\/\/aquacord.com.co\/index.php\/product\/goma-para-ratones\/\"]}]},{\"@type\":\"BreadcrumbList\",\"@id\":\"https:\/\/aquacord.com.co\/index.php\/product\/goma-para-ratones\/#breadcrumb\",\"itemListElement\":[{\"@type\":\"ListItem\",\"position\":1,\"name\":\"Inicio\",\"item\":\"https:\/\/aquacord.com.co\/\"},{\"@type\":\"ListItem\",\"position\":2,\"name\":\"Tienda\",\"item\":\"https:\/\/aquacord.com.co\/index.php\/tienda\/\"},{\"@type\":\"ListItem\",\"position\":3,\"name\":\"GOMA PARA RATONES\"}]},{\"@type\":\"WebSite\",\"@id\":\"https:\/\/aquacord.com.co\/#website\",\"url\":\"https:\/\/aquacord.com.co\/\",\"name\":\"\",\"description\":\"Todo lo relacionado en productos qu\u00edmicos, accesorios, equipos para piscinas y el aseo de tu hogar e empresas\",\"potentialAction\":[{\"@type\":\"SearchAction\",\"target\":{\"@type\":\"EntryPoint\",\"urlTemplate\":\"https:\/\/aquacord.com.co\/?s={search_term_string}\"},\"query-input\":\"required name=search_term_string\"}],\"inLanguage\":\"es-CO\"}]}<\/script>\n<!-- \/ Yoast SEO plugin. -->","yoast_head_json":{"title":"GOMA PARA RATONES -","robots":{"index":"index","follow":"follow","max-snippet":"max-snippet:-1","max-image-preview":"max-image-preview:large","max-video-preview":"max-video-preview:-1"},"canonical":"https:\/\/aquacord.com.co\/index.php\/product\/goma-para-ratones\/","og_locale":"es_ES","og_type":"article","og_title":"GOMA PARA RATONES -","og_description":"GOMA PARA RATONES, Las trampas de pegamento para\u00a0ratones\u00a0y ratas son unas l\u00e1minas de cart\u00f3n o de pl\u00e1stico recubiertas por un adhesivo muy pegajoso.\u00a0Cuando el rat\u00f3n pasa por encima, se queda pegado por las patas y, al intentar liberarse, quedar\u00e1 pegado e inmovilizado el resto de su cuerpo.","og_url":"https:\/\/aquacord.com.co\/index.php\/product\/goma-para-ratones\/","article_modified_time":"2024-09-14T16:07:35+00:00","og_image":[{"width":744,"height":265,"url":"https:\/\/aquacord.com.co\/wp-content\/uploads\/2024\/09\/Captura-de-pantalla-2024-09-14-110536.jpg","type":"image\/jpeg"}],"twitter_card":"summary_large_image","twitter_misc":{"Tiempo estimado de lectura":"1 minuto"},"schema":{"@context":"https:\/\/schema.org","@graph":[{"@type":"WebPage","@id":"https:\/\/aquacord.com.co\/index.php\/product\/goma-para-ratones\/","url":"https:\/\/aquacord.com.co\/index.php\/product\/goma-para-ratones\/","name":"GOMA PARA RATONES -","isPartOf":{"@id":"https:\/\/aquacord.com.co\/#website"},"datePublished":"2024-09-14T16:07:34+00:00","dateModified":"2024-09-14T16:07:35+00:00","breadcrumb":{"@id":"https:\/\/aquacord.com.co\/index.php\/product\/goma-para-ratones\/#breadcrumb"},"inLanguage":"es-CO","potentialAction":[{"@type":"ReadAction","target":["https:\/\/aquacord.com.co\/index.php\/product\/goma-para-ratones\/"]}]},{"@type":"BreadcrumbList","@id":"https:\/\/aquacord.com.co\/index.php\/product\/goma-para-ratones\/#breadcrumb","itemListElement":[{"@type":"ListItem","position":1,"name":"Inicio","item":"https:\/\/aquacord.com.co\/"},{"@type":"ListItem","position":2,"name":"Tienda","item":"https:\/\/aquacord.com.co\/index.php\/tienda\/"},{"@type":"ListItem","position":3,"name":"GOMA PARA RATONES"}]},{"@type":"WebSite","@id":"https:\/\/aquacord.com.co\/#website","url":"https:\/\/aquacord.com.co\/","name":"","description":"Todo lo relacionado en productos qu\u00edmicos, accesorios, equipos para piscinas y el aseo de tu hogar e empresas","potentialAction":[{"@type":"SearchAction","target":{"@type":"EntryPoint","urlTemplate":"https:\/\/aquacord.com.co\/?s={search_term_string}"},"query-input":"required name=search_term_string"}],"inLanguage":"es-CO"}]}},"_links":{"self":[{"href":"https:\/\/aquacord.com.co\/index.php\/wp-json\/wp\/v2\/product\/5398"}],"collection":[{"href":"https:\/\/aquacord.com.co\/index.php\/wp-json\/wp\/v2\/product"}],"about":[{"href":"https:\/\/aquacord.com.co\/index.php\/wp-json\/wp\/v2\/types\/product"}],"replies":[{"embeddable":true,"href":"https:\/\/aquacord.com.co\/index.php\/wp-json\/wp\/v2\/comments?post=5398"}],"version-history":[{"count":1,"href":"https:\/\/aquacord.com.co\/index.php\/wp-json\/wp\/v2\/product\/5398\/revisions"}],"predecessor-version":[{"id":5400,"href":"https:\/\/aquacord.com.co\/index.php\/wp-json\/wp\/v2\/product\/5398\/revisions\/5400"}],"wp:featuredmedia":[{"embeddable":true,"href":"https:\/\/aquacord.com.co\/index.php\/wp-json\/wp\/v2\/media\/5399"}],"wp:attachment":[{"href":"https:\/\/aquacord.com.co\/index.php\/wp-json\/wp\/v2\/media?parent=5398"}],"wp:term":[{"taxonomy":"product_cat","embeddable":true,"href":"https:\/\/aquacord.com.co\/index.php\/wp-json\/wp\/v2\/product_cat?post=5398"},{"taxonomy":"product_tag","embeddable":true,"href":"https:\/\/aquacord.com.co\/index.php\/wp-json\/wp\/v2\/product_tag?post=5398"}],"curies":[{"name":"wp","href":"https:\/\/api.w.org\/{rel}","templated":true}]}}