{"id":5451,"date":"2024-09-16T19:51:35","date_gmt":"2024-09-16T19:51:35","guid":{"rendered":"https:\/\/aquacord.com.co\/?post_type=product&#038;p=5451"},"modified":"2024-09-16T21:10:21","modified_gmt":"2024-09-16T21:10:21","slug":"cera-autrobillante-vq","status":"publish","type":"product","link":"https:\/\/aquacord.com.co\/index.php\/product\/cera-autrobillante-vq\/","title":{"rendered":"CERA AUTROBILLANTE VQ"},"content":{"rendered":"<p>CERA AUTROBILLANTE VQ, Es una\u00a0<b>emulsi\u00f3n con contenido bajo de pol\u00edmeros que mantiene el brillo de superficies de uso interior selladas<\/b>, prolongando as\u00ed los mantenimientos del sellado, con una alta resistencia al rayado.<\/p>\n","protected":false},"excerpt":{"rendered":"<p>CERA AUTROBILLANTE VQ, Es una\u00a0emulsi\u00f3n con contenido bajo de pol\u00edmeros que mantiene el brillo de superficies de uso interior selladas, prolongando as\u00ed los mantenimientos del sellado, con una alta resistencia al rayado.<\/p>\n","protected":false},"featured_media":0,"comment_status":"open","ping_status":"closed","template":"","meta":{"site-sidebar-layout":"default","site-content-layout":"default","ast-global-header-display":"","ast-main-header-display":"","ast-hfb-above-header-display":"","ast-hfb-below-header-display":"","ast-hfb-mobile-header-display":"","site-post-title":"","ast-breadcrumbs-content":"","ast-featured-img":"","footer-sml-layout":"","theme-transparent-header-meta":"default","adv-header-id-meta":"","stick-header-meta":"","header-above-stick-meta":"","header-main-stick-meta":"","header-below-stick-meta":""},"product_cat":[60,18],"product_tag":[],"yoast_head":"<!-- This site is optimized with the Yoast SEO plugin v20.1 - https:\/\/yoast.com\/wordpress\/plugins\/seo\/ -->\n<title>CERA AUTROBILLANTE VQ -<\/title>\n<meta name=\"robots\" content=\"index, follow, max-snippet:-1, max-image-preview:large, max-video-preview:-1\" \/>\n<link rel=\"canonical\" href=\"https:\/\/aquacord.com.co\/index.php\/product\/cera-autrobillante-vq\/\" \/>\n<meta property=\"og:locale\" content=\"es_ES\" \/>\n<meta property=\"og:type\" content=\"article\" \/>\n<meta property=\"og:title\" content=\"CERA AUTROBILLANTE VQ -\" \/>\n<meta property=\"og:description\" content=\"CERA AUTROBILLANTE VQ, Es una\u00a0emulsi\u00f3n con contenido bajo de pol\u00edmeros que mantiene el brillo de superficies de uso interior selladas, prolongando as\u00ed los mantenimientos del sellado, con una alta resistencia al rayado.\" \/>\n<meta property=\"og:url\" content=\"https:\/\/aquacord.com.co\/index.php\/product\/cera-autrobillante-vq\/\" \/>\n<meta property=\"article:modified_time\" content=\"2024-09-16T21:10:21+00:00\" \/>\n<meta name=\"twitter:card\" content=\"summary_large_image\" \/>\n<meta name=\"twitter:label1\" content=\"Tiempo estimado de lectura\" \/>\n\t<meta name=\"twitter:data1\" content=\"1 minuto\" \/>\n<script type=\"application\/ld+json\" class=\"yoast-schema-graph\">{\"@context\":\"https:\/\/schema.org\",\"@graph\":[{\"@type\":\"WebPage\",\"@id\":\"https:\/\/aquacord.com.co\/index.php\/product\/cera-autrobillante-vq\/\",\"url\":\"https:\/\/aquacord.com.co\/index.php\/product\/cera-autrobillante-vq\/\",\"name\":\"CERA AUTROBILLANTE VQ -\",\"isPartOf\":{\"@id\":\"https:\/\/aquacord.com.co\/#website\"},\"datePublished\":\"2024-09-16T19:51:35+00:00\",\"dateModified\":\"2024-09-16T21:10:21+00:00\",\"breadcrumb\":{\"@id\":\"https:\/\/aquacord.com.co\/index.php\/product\/cera-autrobillante-vq\/#breadcrumb\"},\"inLanguage\":\"es-CO\",\"potentialAction\":[{\"@type\":\"ReadAction\",\"target\":[\"https:\/\/aquacord.com.co\/index.php\/product\/cera-autrobillante-vq\/\"]}]},{\"@type\":\"BreadcrumbList\",\"@id\":\"https:\/\/aquacord.com.co\/index.php\/product\/cera-autrobillante-vq\/#breadcrumb\",\"itemListElement\":[{\"@type\":\"ListItem\",\"position\":1,\"name\":\"Inicio\",\"item\":\"https:\/\/aquacord.com.co\/\"},{\"@type\":\"ListItem\",\"position\":2,\"name\":\"Tienda\",\"item\":\"https:\/\/aquacord.com.co\/index.php\/tienda\/\"},{\"@type\":\"ListItem\",\"position\":3,\"name\":\"CERA AUTROBILLANTE VQ\"}]},{\"@type\":\"WebSite\",\"@id\":\"https:\/\/aquacord.com.co\/#website\",\"url\":\"https:\/\/aquacord.com.co\/\",\"name\":\"\",\"description\":\"Todo lo relacionado en productos qu\u00edmicos, accesorios, equipos para piscinas y el aseo de tu hogar e empresas\",\"potentialAction\":[{\"@type\":\"SearchAction\",\"target\":{\"@type\":\"EntryPoint\",\"urlTemplate\":\"https:\/\/aquacord.com.co\/?s={search_term_string}\"},\"query-input\":\"required name=search_term_string\"}],\"inLanguage\":\"es-CO\"}]}<\/script>\n<!-- \/ Yoast SEO plugin. -->","yoast_head_json":{"title":"CERA AUTROBILLANTE VQ -","robots":{"index":"index","follow":"follow","max-snippet":"max-snippet:-1","max-image-preview":"max-image-preview:large","max-video-preview":"max-video-preview:-1"},"canonical":"https:\/\/aquacord.com.co\/index.php\/product\/cera-autrobillante-vq\/","og_locale":"es_ES","og_type":"article","og_title":"CERA AUTROBILLANTE VQ -","og_description":"CERA AUTROBILLANTE VQ, Es una\u00a0emulsi\u00f3n con contenido bajo de pol\u00edmeros que mantiene el brillo de superficies de uso interior selladas, prolongando as\u00ed los mantenimientos del sellado, con una alta resistencia al rayado.","og_url":"https:\/\/aquacord.com.co\/index.php\/product\/cera-autrobillante-vq\/","article_modified_time":"2024-09-16T21:10:21+00:00","twitter_card":"summary_large_image","twitter_misc":{"Tiempo estimado de lectura":"1 minuto"},"schema":{"@context":"https:\/\/schema.org","@graph":[{"@type":"WebPage","@id":"https:\/\/aquacord.com.co\/index.php\/product\/cera-autrobillante-vq\/","url":"https:\/\/aquacord.com.co\/index.php\/product\/cera-autrobillante-vq\/","name":"CERA AUTROBILLANTE VQ -","isPartOf":{"@id":"https:\/\/aquacord.com.co\/#website"},"datePublished":"2024-09-16T19:51:35+00:00","dateModified":"2024-09-16T21:10:21+00:00","breadcrumb":{"@id":"https:\/\/aquacord.com.co\/index.php\/product\/cera-autrobillante-vq\/#breadcrumb"},"inLanguage":"es-CO","potentialAction":[{"@type":"ReadAction","target":["https:\/\/aquacord.com.co\/index.php\/product\/cera-autrobillante-vq\/"]}]},{"@type":"BreadcrumbList","@id":"https:\/\/aquacord.com.co\/index.php\/product\/cera-autrobillante-vq\/#breadcrumb","itemListElement":[{"@type":"ListItem","position":1,"name":"Inicio","item":"https:\/\/aquacord.com.co\/"},{"@type":"ListItem","position":2,"name":"Tienda","item":"https:\/\/aquacord.com.co\/index.php\/tienda\/"},{"@type":"ListItem","position":3,"name":"CERA AUTROBILLANTE VQ"}]},{"@type":"WebSite","@id":"https:\/\/aquacord.com.co\/#website","url":"https:\/\/aquacord.com.co\/","name":"","description":"Todo lo relacionado en productos qu\u00edmicos, accesorios, equipos para piscinas y el aseo de tu hogar e empresas","potentialAction":[{"@type":"SearchAction","target":{"@type":"EntryPoint","urlTemplate":"https:\/\/aquacord.com.co\/?s={search_term_string}"},"query-input":"required name=search_term_string"}],"inLanguage":"es-CO"}]}},"_links":{"self":[{"href":"https:\/\/aquacord.com.co\/index.php\/wp-json\/wp\/v2\/product\/5451"}],"collection":[{"href":"https:\/\/aquacord.com.co\/index.php\/wp-json\/wp\/v2\/product"}],"about":[{"href":"https:\/\/aquacord.com.co\/index.php\/wp-json\/wp\/v2\/types\/product"}],"replies":[{"embeddable":true,"href":"https:\/\/aquacord.com.co\/index.php\/wp-json\/wp\/v2\/comments?post=5451"}],"version-history":[{"count":1,"href":"https:\/\/aquacord.com.co\/index.php\/wp-json\/wp\/v2\/product\/5451\/revisions"}],"predecessor-version":[{"id":5454,"href":"https:\/\/aquacord.com.co\/index.php\/wp-json\/wp\/v2\/product\/5451\/revisions\/5454"}],"wp:attachment":[{"href":"https:\/\/aquacord.com.co\/index.php\/wp-json\/wp\/v2\/media?parent=5451"}],"wp:term":[{"taxonomy":"product_cat","embeddable":true,"href":"https:\/\/aquacord.com.co\/index.php\/wp-json\/wp\/v2\/product_cat?post=5451"},{"taxonomy":"product_tag","embeddable":true,"href":"https:\/\/aquacord.com.co\/index.php\/wp-json\/wp\/v2\/product_tag?post=5451"}],"curies":[{"name":"wp","href":"https:\/\/api.w.org\/{rel}","templated":true}]}}